CRAN Package Check Results for Package oddnet

Last updated on 2025-11-24 00:48:48 CET.

Flavor Version Tinstall Tcheck Ttotal Status Flags
r-devel-linux-x86_64-debian-clang 0.1.1 4.20 120.35 124.55 NOTE
r-devel-linux-x86_64-debian-gcc 0.1.1 2.96 77.65 80.61 NOTE
r-devel-linux-x86_64-fedora-clang 0.1.1 185.40 OK
r-devel-linux-x86_64-fedora-gcc 0.1.1 18.00 187.94 205.94 OK
r-devel-windows-x86_64 0.1.1 6.00 118.00 124.00 OK
r-patched-linux-x86_64 0.1.1 3.85 117.30 121.15 OK
r-release-linux-x86_64 0.1.1 3.68 117.49 121.17 OK
r-release-macos-arm64 0.1.1 OK
r-release-macos-x86_64 0.1.1 5.00 181.00 186.00 OK
r-release-windows-x86_64 0.1.1 5.00 118.00 123.00 OK
r-oldrel-macos-arm64 0.1.1 OK
r-oldrel-macos-x86_64 0.1.1 3.00 97.00 100.00 OK
r-oldrel-windows-x86_64 0.1.1 7.00 158.00 165.00 OK

Check Details

Version: 0.1.1
Check: CRAN incoming feasibility
Result: NOTE Maintainer: ‘Sevvandi Kandanaarachchi <sevvandik@gmail.com>’ The Description field contains anomalies (Kandanaarachchi, Hyndman 2022) <arXiv:2210.07407>. Please refer to arXiv e-prints via their arXiv DOI <doi:10.48550/arXiv.YYMM.NNNNN>. Flavors: r-devel-linux-x86_64-debian-clang, r-devel-linux-x86_64-debian-gcc