Last updated on 2025-11-03 00:50:09 CET.
| Flavor | Version | Tinstall | Tcheck | Ttotal | Status | Flags | 
|---|---|---|---|---|---|---|
| r-devel-linux-x86_64-debian-clang | 0.2.5 | 9.31 | 163.39 | 172.70 | NOTE | |
| r-devel-linux-x86_64-debian-gcc | 0.2.5 | 6.19 | 111.64 | 117.83 | NOTE | |
| r-devel-linux-x86_64-fedora-clang | 0.2.5 | 23.00 | 238.80 | 261.80 | OK | |
| r-devel-linux-x86_64-fedora-gcc | 0.2.5 | 21.00 | 253.99 | 274.99 | OK | |
| r-devel-windows-x86_64 | 0.2.5 | 13.00 | 159.00 | 172.00 | OK | |
| r-patched-linux-x86_64 | 0.2.5 | 10.72 | 155.91 | 166.63 | OK | |
| r-release-linux-x86_64 | 0.2.5 | 10.34 | 154.13 | 164.47 | OK | |
| r-release-macos-arm64 | 0.2.5 | 4.00 | 53.00 | 57.00 | OK | |
| r-release-macos-x86_64 | 0.2.5 | 6.00 | 106.00 | 112.00 | OK | |
| r-release-windows-x86_64 | 0.2.5 | 12.00 | 159.00 | 171.00 | OK | |
| r-oldrel-macos-arm64 | 0.2.5 | 4.00 | 54.00 | 58.00 | OK | |
| r-oldrel-macos-x86_64 | 0.2.5 | 6.00 | 87.00 | 93.00 | OK | |
| r-oldrel-windows-x86_64 | 0.2.5 | 16.00 | 203.00 | 219.00 | OK | 
Version: 0.2.5
Check: CRAN incoming feasibility
Result: NOTE
  Maintainer: ‘Magnus Astrand <magnus.astrand@astrazeneca.com>’
  
  No Authors@R field in DESCRIPTION.
  Please add one, modifying
    Authors@R: person(given = "Magnus",
                      family = "Astrand",
                      role = c("aut", "cre"),
                      email = "magnus.astrand@astrazeneca.com")
  as necessary.
Flavors: r-devel-linux-x86_64-debian-clang, r-devel-linux-x86_64-debian-gcc