Last updated on 2025-11-24 00:48:48 CET.
| Flavor | Version | Tinstall | Tcheck | Ttotal | Status | Flags |
|---|---|---|---|---|---|---|
| r-devel-linux-x86_64-debian-clang | 0.4.2 | 131.46 | 99.97 | 231.43 | WARN | |
| r-devel-linux-x86_64-debian-gcc | 0.4.2 | 107.55 | 62.98 | 170.53 | WARN | |
| r-devel-linux-x86_64-fedora-clang | 0.4.2 | 600.00 | -170.31 | 429.69 | WARN | |
| r-devel-linux-x86_64-fedora-gcc | 0.4.2 | 720.00 | -264.93 | 455.07 | WARN | |
| r-devel-windows-x86_64 | 0.4.2 | 57.00 | 104.00 | 161.00 | NOTE | |
| r-patched-linux-x86_64 | 0.4.2 | 151.71 | 92.04 | 243.75 | NOTE | |
| r-release-linux-x86_64 | 0.4.2 | 149.87 | 91.76 | 241.63 | NOTE | |
| r-release-macos-arm64 | 0.4.2 | NOTE | ||||
| r-release-macos-x86_64 | 0.4.2 | 65.00 | 81.00 | 146.00 | NOTE | |
| r-release-windows-x86_64 | 0.4.2 | 46.00 | 142.00 | 188.00 | NOTE | |
| r-oldrel-macos-arm64 | 0.4.2 | OK | ||||
| r-oldrel-macos-x86_64 | 0.4.2 | 55.00 | 61.00 | 116.00 | OK | |
| r-oldrel-windows-x86_64 | 0.4.2 | 46.00 | 178.00 | 224.00 | OK |
Version: 0.4.2
Check: compiled code
Result: WARN
File ‘nanoparquet/libs/nanoparquet.so’:
Found non-API call to R: ‘DATAPTR’
This entry point may be removed soon.
Compiled code should not call non-API entry points in R.
See ‘Writing portable packages’ in the ‘Writing R Extensions’ manual,
and section ‘Moving into C API compliance’ for issues with the use of
non-API entry points.
Flavors: r-devel-linux-x86_64-debian-clang, r-devel-linux-x86_64-debian-gcc, r-devel-linux-x86_64-fedora-clang, r-devel-linux-x86_64-fedora-gcc
Version: 0.4.2
Check: compiled code
Result: NOTE
File 'nanoparquet/libs/x64/nanoparquet.dll':
Found non-API call to R: 'DATAPTR'
Compiled code should not call non-API entry points in R.
See 'Writing portable packages' in the 'Writing R Extensions' manual,
and section 'Moving into C API compliance' for issues with the use of
non-API entry points.
Flavors: r-devel-windows-x86_64, r-release-windows-x86_64
Version: 0.4.2
Check: compiled code
Result: NOTE
File ‘nanoparquet/libs/nanoparquet.so’:
Found non-API call to R: ‘DATAPTR’
Compiled code should not call non-API entry points in R.
See ‘Writing portable packages’ in the ‘Writing R Extensions’ manual,
and section ‘Moving into C API compliance’ for issues with the use of
non-API entry points.
Flavors: r-patched-linux-x86_64, r-release-linux-x86_64, r-release-macos-arm64, r-release-macos-x86_64