CRAN Package Check Results for Package mvoutlier

Last updated on 2025-11-24 00:48:48 CET.

Flavor Version Tinstall Tcheck Ttotal Status Flags
r-devel-linux-x86_64-debian-clang 2.1.1 4.38 44.26 48.64 NOTE
r-devel-linux-x86_64-debian-gcc 2.1.1 2.91 32.08 34.99 NOTE
r-devel-linux-x86_64-fedora-clang 2.1.1 11.00 63.82 74.82 NOTE
r-devel-linux-x86_64-fedora-gcc 2.1.1 11.00 57.43 68.43 NOTE
r-devel-windows-x86_64 2.1.1 6.00 63.00 69.00 NOTE
r-patched-linux-x86_64 2.1.1 6.03 41.18 47.21 NOTE
r-release-linux-x86_64 2.1.1 4.72 40.83 45.55 NOTE
r-release-macos-arm64 2.1.1 NOTE
r-release-macos-x86_64 2.1.1 9.00 40.00 49.00 NOTE
r-release-windows-x86_64 2.1.1 7.00 71.00 78.00 NOTE
r-oldrel-macos-arm64 2.1.1 NOTE
r-oldrel-macos-x86_64 2.1.1 6.00 40.00 46.00 NOTE
r-oldrel-windows-x86_64 2.1.1 8.00 70.00 78.00 NOTE

Check Details

Version: 2.1.1
Check: CRAN incoming feasibility
Result: NOTE Maintainer: ‘P. Filzmoser <P.Filzmoser@tuwien.ac.at>’ No Authors@R field in DESCRIPTION. Please add one, modifying Authors@R: c(person(given = "Peter", family = "Filzmoser", role = "aut", email = "P.Filzmoser@tuwien.ac.at"), person(given = "Moritz", family = "Gschwandtner", role = "aut", email = "e0125439@student.tuwien.ac.at"), person(given = "P.", family = "Filzmoser", role = "cre", email = "P.Filzmoser@tuwien.ac.at")) as necessary. Flavors: r-devel-linux-x86_64-debian-clang, r-devel-linux-x86_64-debian-gcc

Version: 2.1.1
Check: Rd files
Result: NOTE checkRd: (-1) pkb.Rd:14: Escaped LaTeX specials: \# \# \# Flavors: r-devel-linux-x86_64-debian-clang, r-devel-linux-x86_64-debian-gcc, r-devel-linux-x86_64-fedora-clang, r-devel-linux-x86_64-fedora-gcc, r-devel-windows-x86_64, r-patched-linux-x86_64, r-release-linux-x86_64, r-release-macos-arm64, r-release-macos-x86_64, r-release-windows-x86_64, r-oldrel-macos-arm64, r-oldrel-macos-x86_64, r-oldrel-windows-x86_64