Last updated on 2025-11-03 00:50:08 CET.
| Flavor | Version | Tinstall | Tcheck | Ttotal | Status | Flags | 
|---|---|---|---|---|---|---|
| r-devel-linux-x86_64-debian-clang | 1.0-17 | 4.91 | 28.56 | 33.47 | NOTE | |
| r-devel-linux-x86_64-debian-gcc | 1.0-17 | 3.44 | 22.40 | 25.84 | NOTE | |
| r-devel-linux-x86_64-fedora-clang | 1.0-17 | 50.56 | OK | |||
| r-devel-linux-x86_64-fedora-gcc | 1.0-17 | 11.00 | 38.03 | 49.03 | OK | |
| r-devel-windows-x86_64 | 1.0-17 | 9.00 | 53.00 | 62.00 | OK | |
| r-patched-linux-x86_64 | 1.0-17 | 4.22 | 28.22 | 32.44 | OK | |
| r-release-linux-x86_64 | 1.0-17 | 3.96 | 28.13 | 32.09 | OK | |
| r-release-macos-arm64 | 1.0-17 | 4.00 | 20.00 | 24.00 | OK | |
| r-release-macos-x86_64 | 1.0-17 | 6.00 | 29.00 | 35.00 | OK | |
| r-release-windows-x86_64 | 1.0-17 | 9.00 | 58.00 | 67.00 | OK | |
| r-oldrel-macos-arm64 | 1.0-17 | 3.00 | 24.00 | 27.00 | OK | |
| r-oldrel-macos-x86_64 | 1.0-17 | 5.00 | 27.00 | 32.00 | OK | |
| r-oldrel-windows-x86_64 | 1.0-17 | 9.00 | 61.00 | 70.00 | OK | 
Version: 1.0-17
Check: CRAN incoming feasibility
Result: NOTE
  Maintainer: ‘Karim Rahim <karim.rahim@queensu.ca>’
  
  No Authors@R field in DESCRIPTION.
  Please add one, modifying
    Authors@R: c(person(given = "Karim",
                        family = "Rahim",
                        role = c("aut", "cre"),
                        email = "karim.rahim@queensu.ca"),
                 person(given = c("Wesley", "S."),
                        family = "Burr",
                        role = "aut",
                        email = "wesleyburr@trentu.ca"))
  as necessary.
Flavors: r-devel-linux-x86_64-debian-clang, r-devel-linux-x86_64-debian-gcc