Last updated on 2025-11-03 00:50:08 CET.
| Flavor | Version | Tinstall | Tcheck | Ttotal | Status | Flags | 
|---|---|---|---|---|---|---|
| r-devel-linux-x86_64-debian-clang | 1.5 | 11.26 | 80.56 | 91.82 | NOTE | |
| r-devel-linux-x86_64-debian-gcc | 1.5 | 7.20 | 58.90 | 66.10 | NOTE | |
| r-devel-linux-x86_64-fedora-clang | 1.5 | 24.00 | 118.93 | 142.93 | OK | |
| r-devel-linux-x86_64-fedora-gcc | 1.5 | 22.00 | 120.53 | 142.53 | OK | |
| r-devel-windows-x86_64 | 1.5 | 15.00 | 99.00 | 114.00 | OK | |
| r-patched-linux-x86_64 | 1.5 | 10.59 | 80.92 | 91.51 | OK | |
| r-release-linux-x86_64 | 1.5 | 11.30 | 78.13 | 89.43 | OK | |
| r-release-macos-arm64 | 1.5 | 7.00 | 40.00 | 47.00 | OK | |
| r-release-macos-x86_64 | 1.5 | 11.00 | 69.00 | 80.00 | OK | |
| r-release-windows-x86_64 | 1.5 | 15.00 | 98.00 | 113.00 | OK | |
| r-oldrel-macos-arm64 | 1.5 | 6.00 | 37.00 | 43.00 | OK | |
| r-oldrel-macos-x86_64 | 1.5 | 9.00 | 55.00 | 64.00 | OK | |
| r-oldrel-windows-x86_64 | 1.5 | 21.00 | 124.00 | 145.00 | OK | 
Version: 1.5
Check: CRAN incoming feasibility
Result: NOTE
  Maintainer: ‘Jose Ameijeiras-Alonso <jose.ameijeiras@usc.es>’
  
  No Authors@R field in DESCRIPTION.
  Please add one, modifying
    Authors@R: c(person(given = "Jose",
                        family = "Ameijeiras-Alonso",
                        role = c("aut", "cre"),
                        email = "jose.ameijeiras@usc.es"),
                 person(given = c("Rosa", "M."),
                        family = "Crujeiras",
                        role = "aut"),
                 person(given = "Alberto",
                        family = "Rodríguez-Casal",
                        role = "aut"),
                 person(given = c("The", "R", "Core", "Team"),
                        family = "1996-2012",
                        role = c("ctb", "cph"),
                        comment = "C function 'BinDist2' obtained from package 'stats'"),
                 person(given = c("The", "R", "Foundation"),
                        family = "2005",
                        role = c("ctb", "cph"),
                        comment = "C function 'BinDist2' obtained from package 'stats'"))
  as necessary.
Flavors: r-devel-linux-x86_64-debian-clang, r-devel-linux-x86_64-debian-gcc