Last updated on 2025-06-27 01:49:37 CEST.
Flavor | Version | Tinstall | Tcheck | Ttotal | Status | Flags |
---|---|---|---|---|---|---|
r-devel-linux-x86_64-debian-clang | 1.3.2 | 37.22 | 262.66 | 299.88 | OK | |
r-devel-linux-x86_64-debian-gcc | 1.3.2 | 28.91 | 187.04 | 215.95 | OK | |
r-devel-linux-x86_64-fedora-clang | 1.3.2 | 481.26 | OK | |||
r-devel-linux-x86_64-fedora-gcc | 1.3.2 | 447.69 | OK | |||
r-devel-windows-x86_64 | 1.3.2 | 31.00 | 242.00 | 273.00 | OK | |
r-patched-linux-x86_64 | OK | |||||
r-release-linux-x86_64 | 1.3.2 | 36.49 | 248.09 | 284.58 | OK | |
r-release-macos-arm64 | 1.3.2 | 105.00 | OK | |||
r-release-macos-x86_64 | 1.3.2 | 225.00 | OK | |||
r-release-windows-x86_64 | 1.3.2 | 31.00 | 259.00 | 290.00 | OK | |
r-oldrel-macos-arm64 | 1.3.2 | 115.00 | NOTE | |||
r-oldrel-macos-x86_64 | 1.3.2 | 219.00 | NOTE | |||
r-oldrel-windows-x86_64 | 1.3.2 | 45.00 | 306.00 | 351.00 | NOTE |
Version: 1.3.2
Check: package dependencies
Result: NOTE
Package suggested but not available for checking: ‘cmdstanr’
Flavors: r-oldrel-macos-arm64, r-oldrel-macos-x86_64, r-oldrel-windows-x86_64
Version: 1.3.2
Check: installed package size
Result: NOTE
installed size is 8.0Mb
sub-directories of 1Mb or more:
doc 6.4Mb
Flavors: r-oldrel-macos-arm64, r-oldrel-macos-x86_64, r-oldrel-windows-x86_64