Last updated on 2025-11-24 00:48:47 CET.
| Flavor | Version | Tinstall | Tcheck | Ttotal | Status | Flags |
|---|---|---|---|---|---|---|
| r-devel-linux-x86_64-debian-clang | 1.2.0 | 2.74 | 50.40 | 53.14 | NOTE | |
| r-devel-linux-x86_64-debian-gcc | 1.2.0 | 1.94 | 38.47 | 40.41 | NOTE | |
| r-devel-linux-x86_64-fedora-clang | 1.2.0 | 79.22 | NOTE | |||
| r-devel-linux-x86_64-fedora-gcc | 1.2.0 | 88.74 | NOTE | |||
| r-devel-windows-x86_64 | 1.2.0 | 10.00 | 71.00 | 81.00 | NOTE | |
| r-patched-linux-x86_64 | 1.2.0 | 3.30 | 46.34 | 49.64 | NOTE | |
| r-release-linux-x86_64 | 1.2.0 | 2.79 | 45.43 | 48.22 | NOTE | |
| r-release-macos-arm64 | 1.2.0 | NOTE | ||||
| r-release-macos-x86_64 | 1.2.0 | 3.00 | 52.00 | 55.00 | OK | |
| r-release-windows-x86_64 | 1.2.0 | 6.00 | 69.00 | 75.00 | NOTE | |
| r-oldrel-macos-arm64 | 1.2.0 | OK | ||||
| r-oldrel-macos-x86_64 | 1.2.0 | 2.00 | 60.00 | 62.00 | OK | |
| r-oldrel-windows-x86_64 | 1.2.0 | 6.00 | 81.00 | 87.00 | OK |
Version: 1.2.0
Check: DESCRIPTION meta-information
Result: NOTE
Missing dependency on R >= 4.1.0 because package code uses the pipe
|> or function shorthand \(...) syntax added in R 4.1.0.
File(s) using such syntax:
‘define_extended_question.Rd’ ‘define_question.Rd’
‘define_questions_from_csv.Rd’ ‘define_questions_from_data_frame.Rd’
‘define_questions_from_excel.Rd’ ‘generate_xml.Rd’
‘generate_xml_file.Rd’
Flavors: r-devel-linux-x86_64-debian-clang, r-devel-linux-x86_64-debian-gcc, r-devel-linux-x86_64-fedora-clang, r-devel-linux-x86_64-fedora-gcc, r-devel-windows-x86_64, r-patched-linux-x86_64, r-release-linux-x86_64, r-release-macos-arm64, r-release-windows-x86_64