Last updated on 2025-11-24 00:48:47 CET.
| Flavor | Version | Tinstall | Tcheck | Ttotal | Status | Flags |
|---|---|---|---|---|---|---|
| r-devel-linux-x86_64-debian-clang | 3.2-0 | 7.49 | 85.77 | 93.26 | NOTE | |
| r-devel-linux-x86_64-debian-gcc | 3.2-0 | 6.52 | 63.12 | 69.64 | NOTE | |
| r-devel-linux-x86_64-fedora-clang | 3.2-0 | 22.00 | 126.35 | 148.35 | OK | |
| r-devel-linux-x86_64-fedora-gcc | 3.2-0 | 23.00 | 130.08 | 153.08 | OK | |
| r-devel-windows-x86_64 | 3.2-0 | 15.00 | 88.00 | 103.00 | OK | |
| r-patched-linux-x86_64 | 3.2-0 | 8.78 | 80.39 | 89.17 | OK | |
| r-release-linux-x86_64 | 3.2-0 | 9.28 | 82.04 | 91.32 | OK | |
| r-release-macos-arm64 | 3.2-0 | OK | ||||
| r-release-macos-x86_64 | 3.2-0 | 8.00 | 86.00 | 94.00 | OK | |
| r-release-windows-x86_64 | 3.2-0 | 11.00 | 105.00 | 116.00 | OK | |
| r-oldrel-macos-arm64 | 3.2-0 | OK | ||||
| r-oldrel-macos-x86_64 | 3.2-0 | 6.00 | 63.00 | 69.00 | OK | |
| r-oldrel-windows-x86_64 | 3.2-0 | 14.00 | 113.00 | 127.00 | OK |
Version: 3.2-0
Check: CRAN incoming feasibility
Result: NOTE
Maintainer: ‘Qingzhao Yu <qyu@lsuhsc.edu>’
No Authors@R field in DESCRIPTION.
Please add one, modifying
Authors@R: c(person(given = "Qingzhao",
family = "Yu",
role = c("aut", "cre"),
email = "qyu@lsuhsc.edu"),
person(given = "Bin",
family = "Li",
role = "aut"))
as necessary.
Flavors: r-devel-linux-x86_64-debian-clang, r-devel-linux-x86_64-debian-gcc