Last updated on 2025-11-03 00:50:07 CET.
| Flavor | Version | Tinstall | Tcheck | Ttotal | Status | Flags | 
|---|---|---|---|---|---|---|
| r-devel-linux-x86_64-debian-clang | 0.3.0 | 11.55 | 58.15 | 69.70 | NOTE | |
| r-devel-linux-x86_64-debian-gcc | 0.3.0 | 8.27 | 41.36 | 49.63 | NOTE | |
| r-devel-linux-x86_64-fedora-clang | 0.3.0 | 31.00 | 81.65 | 112.65 | OK | |
| r-devel-linux-x86_64-fedora-gcc | 0.3.0 | 27.00 | 78.24 | 105.24 | OK | |
| r-devel-windows-x86_64 | 0.3.0 | 16.00 | 95.00 | 111.00 | OK | |
| r-patched-linux-x86_64 | 0.3.0 | 11.05 | 54.44 | 65.49 | OK | |
| r-release-linux-x86_64 | 0.3.0 | 9.97 | 53.76 | 63.73 | OK | |
| r-release-macos-arm64 | 0.3.0 | 5.00 | 29.00 | 34.00 | OK | |
| r-release-macos-x86_64 | 0.3.0 | 15.00 | 67.00 | 82.00 | OK | |
| r-release-windows-x86_64 | 0.3.0 | 16.00 | 95.00 | 111.00 | OK | |
| r-oldrel-macos-arm64 | 0.3.0 | 6.00 | 28.00 | 34.00 | OK | |
| r-oldrel-macos-x86_64 | 0.3.0 | 14.00 | 78.00 | 92.00 | OK | |
| r-oldrel-windows-x86_64 | 0.3.0 | 14.00 | 116.00 | 130.00 | OK | 
Version: 0.3.0
Check: CRAN incoming feasibility
Result: NOTE
  Maintainer: ‘Constantin Ahlmann-Eltze <artjom31415@googlemail.com>’
  
  Package CITATION file contains call(s) to old-style personList() or
  as.personList().  Please use c() on person objects instead.
  Package CITATION file contains call(s) to old-style citEntry().  Please
  use bibentry() instead.
Flavors: r-devel-linux-x86_64-debian-clang, r-devel-linux-x86_64-debian-gcc