Last updated on 2025-11-03 00:50:07 CET.
| Flavor | Version | Tinstall | Tcheck | Ttotal | Status | Flags | 
|---|---|---|---|---|---|---|
| r-devel-linux-x86_64-debian-clang | 0.4-5 | 14.74 | 169.40 | 184.14 | NOTE | |
| r-devel-linux-x86_64-debian-gcc | 0.4-5 | 10.25 | 115.10 | 125.35 | NOTE | |
| r-devel-linux-x86_64-fedora-clang | 0.4-5 | 34.00 | 247.64 | 281.64 | OK | |
| r-devel-linux-x86_64-fedora-gcc | 0.4-5 | 31.00 | 247.35 | 278.35 | OK | |
| r-devel-windows-x86_64 | 0.4-5 | 16.00 | 165.00 | 181.00 | OK | |
| r-patched-linux-x86_64 | 0.4-5 | 13.88 | 157.40 | 171.28 | OK | |
| r-release-linux-x86_64 | 0.4-5 | 13.88 | 157.05 | 170.93 | OK | |
| r-release-macos-arm64 | 0.4-5 | 6.00 | 78.00 | 84.00 | OK | |
| r-release-macos-x86_64 | 0.4-5 | 12.00 | 145.00 | 157.00 | OK | |
| r-release-windows-x86_64 | 0.4-5 | 15.00 | 163.00 | 178.00 | OK | |
| r-oldrel-macos-arm64 | 0.4-5 | 7.00 | 76.00 | 83.00 | OK | |
| r-oldrel-macos-x86_64 | 0.4-5 | 10.00 | 112.00 | 122.00 | OK | |
| r-oldrel-windows-x86_64 | 0.4-5 | 20.00 | 216.00 | 236.00 | OK | 
Version: 0.4-5
Check: CRAN incoming feasibility
Result: NOTE
  Maintainer: ‘Simon Grund <simon.grund@uni-hamburg.de>’
  
  No Authors@R field in DESCRIPTION.
  Please add one, modifying
    Authors@R: c(person(given = "Simon",
                        family = "Grund",
                        role = c("aut", "cre"),
                        email = "simon.grund@uni-hamburg.de"),
                 person(given = "Alexander",
                        family = "Robitzsch",
                        role = "aut"),
                 person(given = "Oliver",
                        family = "Luedtke",
                        role = "aut"))
  as necessary.
Flavors: r-devel-linux-x86_64-debian-clang, r-devel-linux-x86_64-debian-gcc