Last updated on 2025-06-27 01:49:36 CEST.
Flavor | Version | Tinstall | Tcheck | Ttotal | Status | Flags |
---|---|---|---|---|---|---|
r-devel-linux-x86_64-debian-clang | 0.2.1 | 29.32 | 158.78 | 188.10 | NOTE | |
r-devel-linux-x86_64-debian-gcc | 0.2.1 | 17.95 | 108.83 | 126.78 | NOTE | |
r-devel-linux-x86_64-fedora-clang | 0.2.1 | 292.34 | NOTE | |||
r-devel-linux-x86_64-fedora-gcc | 0.2.1 | 333.38 | NOTE | |||
r-devel-windows-x86_64 | 0.2.1 | 32.00 | 205.00 | 237.00 | NOTE | |
r-patched-linux-x86_64 | NOTE | |||||
r-release-linux-x86_64 | 0.2.1 | 26.72 | 154.15 | 180.87 | NOTE | |
r-release-macos-arm64 | 0.2.1 | 98.00 | NOTE | |||
r-release-macos-x86_64 | 0.2.1 | 176.00 | NOTE | |||
r-release-windows-x86_64 | 0.2.1 | 33.00 | 212.00 | 245.00 | NOTE | |
r-oldrel-macos-arm64 | 0.2.1 | 88.00 | NOTE | |||
r-oldrel-macos-x86_64 | 0.2.1 | 130.00 | NOTE | |||
r-oldrel-windows-x86_64 | 0.2.1 | 38.00 | 275.00 | 313.00 | NOTE |
Version: 0.2.1
Check: CRAN incoming feasibility
Result: NOTE
Maintainer: ‘Onno Kleen <r@onnokleen.de>’
Package CITATION file contains call(s) to old-style personList() or
as.personList(). Please use c() on person objects instead.
Package CITATION file contains call(s) to old-style citEntry(). Please
use bibentry() instead.
Flavors: r-devel-linux-x86_64-debian-clang, r-devel-linux-x86_64-debian-gcc
Version: 0.2.1
Check: package subdirectories
Result: NOTE
Problems with news in ‘NEWS.md’:
No news entries found.
Flavors: r-devel-linux-x86_64-debian-clang, r-devel-linux-x86_64-debian-gcc, r-devel-linux-x86_64-fedora-clang, r-devel-linux-x86_64-fedora-gcc, r-devel-windows-x86_64, r-patched-linux-x86_64, r-release-linux-x86_64, r-release-macos-arm64, r-release-macos-x86_64, r-release-windows-x86_64, r-oldrel-macos-arm64, r-oldrel-macos-x86_64, r-oldrel-windows-x86_64