Last updated on 2025-11-03 00:50:06 CET.
| Flavor | Version | Tinstall | Tcheck | Ttotal | Status | Flags | 
|---|---|---|---|---|---|---|
| r-devel-linux-x86_64-debian-clang | 1.0.0 | 15.51 | 135.77 | 151.28 | NOTE | |
| r-devel-linux-x86_64-debian-gcc | 1.0.0 | 13.67 | 98.09 | 111.76 | NOTE | |
| r-devel-linux-x86_64-fedora-clang | 1.0.0 | 80.00 | 171.22 | 251.22 | NOTE | |
| r-devel-linux-x86_64-fedora-gcc | 1.0.0 | 73.00 | 182.19 | 255.19 | NOTE | |
| r-devel-windows-x86_64 | 1.0.0 | 17.00 | 128.00 | 145.00 | NOTE | |
| r-patched-linux-x86_64 | 1.0.0 | 15.85 | 125.76 | 141.61 | NOTE | |
| r-release-linux-x86_64 | 1.0.0 | 15.63 | 126.61 | 142.24 | NOTE | |
| r-release-macos-arm64 | 1.0.0 | 7.00 | 56.00 | 63.00 | NOTE | |
| r-release-macos-x86_64 | 1.0.0 | 14.00 | 127.00 | 141.00 | NOTE | |
| r-release-windows-x86_64 | 1.0.0 | 17.00 | 126.00 | 143.00 | NOTE | |
| r-oldrel-macos-arm64 | 1.0.0 | 6.00 | 59.00 | 65.00 | NOTE | |
| r-oldrel-macos-x86_64 | 1.0.0 | 16.00 | 101.00 | 117.00 | NOTE | |
| r-oldrel-windows-x86_64 | 1.0.0 | 25.00 | 166.00 | 191.00 | NOTE | 
Version: 1.0.0
Check: CRAN incoming feasibility
Result: NOTE
  Maintainer: ‘Blas M. Benito <blasbenito@gmail.com>’
  
  No Authors@R field in DESCRIPTION.
  Please add one, modifying
    Authors@R: person(given = c("Blas", "M."),
                      family = "Benito",
                      role = c("aut", "cre"),
                      email = "blasbenito@gmail.com")
  as necessary.
  
  Found the following URLs which should use \doi (with the DOI name only):
    File ‘computeMemory.Rd’:
      https://doi.org/10.18637/jss.v077.i01
      https://doi.org/10.1023/A:1010933404324
Flavors: r-devel-linux-x86_64-debian-clang, r-devel-linux-x86_64-debian-gcc
Version: 1.0.0
Check: package subdirectories
Result: NOTE
  Problems with news in ‘NEWS.md’:
  No news entries found.
Flavors: r-devel-linux-x86_64-debian-clang, r-devel-linux-x86_64-debian-gcc, r-devel-linux-x86_64-fedora-clang, r-devel-linux-x86_64-fedora-gcc, r-devel-windows-x86_64, r-patched-linux-x86_64, r-release-linux-x86_64, r-release-macos-arm64, r-release-macos-x86_64, r-release-windows-x86_64, r-oldrel-macos-arm64, r-oldrel-macos-x86_64, r-oldrel-windows-x86_64