Last updated on 2025-11-03 00:50:06 CET.
| Flavor | Version | Tinstall | Tcheck | Ttotal | Status | Flags | 
|---|---|---|---|---|---|---|
| r-devel-linux-x86_64-debian-clang | 0.4.1 | 131.55 | 308.20 | 439.75 | OK | |
| r-devel-linux-x86_64-debian-gcc | 0.4.1 | 94.38 | 217.37 | 311.75 | OK | |
| r-devel-linux-x86_64-fedora-clang | 0.4.1 | 286.00 | 445.60 | 731.60 | OK | |
| r-devel-linux-x86_64-fedora-gcc | 0.4.1 | 660.00 | 102.05 | 762.05 | OK | |
| r-devel-windows-x86_64 | 0.4.1 | 152.00 | 316.00 | 468.00 | OK | |
| r-patched-linux-x86_64 | 0.4.1 | 144.39 | 300.99 | 445.38 | OK | |
| r-release-linux-x86_64 | 0.4.1 | 135.90 | 296.88 | 432.78 | OK | |
| r-release-macos-arm64 | 0.4.1 | 79.00 | 197.00 | 276.00 | OK | |
| r-release-macos-x86_64 | 0.4.1 | 87.00 | 273.00 | 360.00 | OK | |
| r-release-windows-x86_64 | 0.4.1 | 155.00 | 310.00 | 465.00 | OK | |
| r-oldrel-macos-arm64 | 0.4.1 | 30.00 | 10.00 | 40.00 | ERROR | |
| r-oldrel-macos-x86_64 | 0.4.1 | 49.00 | 149.00 | 198.00 | NOTE | |
| r-oldrel-windows-x86_64 | 0.4.1 | 184.00 | 387.00 | 571.00 | NOTE | 
Version: 0.4.1
Check: whether package can be installed
Result: ERROR
  Installation failed.
Flavor: r-oldrel-macos-arm64
Version: 0.4.1
Check: installed package size
Result: NOTE
    installed size is 12.5Mb
    sub-directories of 1Mb or more:
      R      2.8Mb
      data   3.0Mb
      libs   4.8Mb
Flavors: r-oldrel-macos-x86_64, r-oldrel-windows-x86_64
Version: 0.4.1
Check: for GNU extensions in Makefiles
Result: NOTE
  GNU make is a SystemRequirements.
Flavors: r-oldrel-macos-x86_64, r-oldrel-windows-x86_64