CRAN Package Check Results for Package mailtoR

Last updated on 2025-07-21 01:49:08 CEST.

Flavor Version Tinstall Tcheck Ttotal Status Flags
r-devel-linux-x86_64-debian-clang 0.1.0 1.50 17.68 19.18 NOTE
r-devel-linux-x86_64-debian-gcc 0.1.0 1.35 15.07 16.42 NOTE
r-devel-linux-x86_64-fedora-clang 0.1.0 28.02 OK
r-devel-linux-x86_64-fedora-gcc 0.1.0 26.74 OK
r-devel-windows-x86_64 0.1.0 3.00 37.00 40.00 OK
r-patched-linux-x86_64 0.1.0 1.33 15.83 17.16 OK
r-release-linux-x86_64 0.1.0 1.46 15.80 17.26 OK
r-release-macos-arm64 0.1.0 34.00 OK
r-release-macos-x86_64 0.1.0 22.00 OK
r-release-windows-x86_64 0.1.0 3.00 37.00 40.00 OK
r-oldrel-macos-arm64 0.1.0 15.00 NOTE
r-oldrel-macos-x86_64 0.1.0 21.00 NOTE
r-oldrel-windows-x86_64 0.1.0 3.00 40.00 43.00 NOTE

Check Details

Version: 0.1.0
Check: CRAN incoming feasibility
Result: NOTE Maintainer: ‘Mohamed El Fodil Ihaddaden <ihaddaden.fodeil@gmail.com>’ No Authors@R field in DESCRIPTION. Please add one, modifying Authors@R: person(given = c("Mohamed", "El", "Fodil"), family = "Ihaddaden", role = c("aut", "cre"), email = "ihaddaden.fodeil@gmail.com") as necessary. Flavors: r-devel-linux-x86_64-debian-clang, r-devel-linux-x86_64-debian-gcc

Version: 0.1.0
Check: LazyData
Result: NOTE 'LazyData' is specified without a 'data' directory Flavors: r-oldrel-macos-arm64, r-oldrel-macos-x86_64, r-oldrel-windows-x86_64