Last updated on 2025-11-03 00:50:08 CET.
| Flavor | Version | Tinstall | Tcheck | Ttotal | Status | Flags | 
|---|---|---|---|---|---|---|
| r-devel-linux-x86_64-debian-clang | 2.1.2.2 | 15.62 | 89.27 | 104.89 | NOTE | |
| r-devel-linux-x86_64-debian-gcc | 2.1.2.2 | 9.60 | 66.02 | 75.62 | NOTE | |
| r-devel-linux-x86_64-fedora-clang | 2.1.2.2 | 43.00 | 124.92 | 167.92 | NOTE | |
| r-devel-linux-x86_64-fedora-gcc | 2.1.2.2 | 29.00 | 134.59 | 163.59 | NOTE | |
| r-devel-windows-x86_64 | 2.1.2.2 | 21.00 | 143.00 | 164.00 | NOTE | |
| r-patched-linux-x86_64 | 2.1.2.2 | 13.84 | 82.64 | 96.48 | NOTE | |
| r-release-linux-x86_64 | 2.1.2.2 | 13.19 | 85.46 | 98.65 | NOTE | |
| r-release-macos-arm64 | 2.1.2.2 | 8.00 | 59.00 | 67.00 | NOTE | |
| r-release-macos-x86_64 | 2.1.2.2 | 12.00 | 92.00 | 104.00 | NOTE | |
| r-release-windows-x86_64 | 2.1.2.2 | 21.00 | 137.00 | 158.00 | NOTE | |
| r-oldrel-macos-arm64 | 2.1.2.2 | 8.00 | 53.00 | 61.00 | NOTE | |
| r-oldrel-macos-x86_64 | 2.1.2.2 | 22.00 | 99.00 | 121.00 | NOTE | |
| r-oldrel-windows-x86_64 | 2.1.2.2 | 24.00 | 147.00 | 171.00 | NOTE | 
Version: 2.1.2.2
Check: CRAN incoming feasibility
Result: NOTE
  Maintainer: ‘Benjamin Haibe-Kains <benjamin.haibe.kains@utoronto.ca>’
  
  Package CITATION file contains call(s) to old-style citEntry().  Please
  use bibentry() instead.
Flavors: r-devel-linux-x86_64-debian-clang, r-devel-linux-x86_64-debian-gcc
Version: 2.1.2.2
Check: Rd files
Result: NOTE
  checkRd: (-1) correlate.Rd:16: Lost braces; missing escapes or markup?
      16 |   \item{X}{Vector of type {numeric, ordered factor, or Surv}.}
         |                           ^
  checkRd: (-1) correlate.Rd:17: Lost braces; missing escapes or markup?
      17 |   \item{Y}{Vector of type {numeric, ordered factor, or Surv} of same length as \code{X}.}
         |                           ^
  checkRd: (-1) correlate.Rd:18: Lost braces; missing escapes or markup?
      18 |   \item{method}{One of the following values: {pearson, spearman, kendall, frequency, cramersv, or cindex}.}
         |                                              ^
  checkRd: (-1) correlate.Rd:19: Lost braces; missing escapes or markup?
      19 |   \item{strata}{Vector of type {factor} corresponding to the sample strata.}
         |                                ^
  checkRd: (-1) correlate.Rd:20: Lost braces; missing escapes or markup?
      20 |   \item{weights}{Vector of type {numeric} corresponding to the sample weights.}
         |                                 ^
  checkRd: (-1) correlate.Rd:24: Lost braces; missing escapes or markup?
      24 |   \item{alternative}{a character string specifying the alternative hypothesis,must be one of {two.sided (default), greater or less}.  You can specify just the initial letter.}
         |                                                                                              ^
  checkRd: (-1) mRMRe.Data-class.Rd:20: Lost braces; missing escapes or markup?
      20 |         have to be of type :{numeric, ordered factor, Surv} and respectively interpreted as :{continuous, discrete and survival} variables.
         |                             ^
  checkRd: (-1) mRMRe.Data-class.Rd:20: Lost braces; missing escapes or markup?
      20 |         have to be of type :{numeric, ordered factor, Surv} and respectively interpreted as :{continuous, discrete and survival} variables.
         |                                                                                              ^
  checkRd: (-1) mRMRe.Data-class.Rd:22: Lost braces; missing escapes or markup?
      22 |         \code{strata}: is expected to be a vector of type :{ordered factor} with the strata associated to the samples provided
         |                                                            ^
  checkRd: (-1) mRMRe.Data-class.Rd:25: Lost braces; missing escapes or markup?
      25 |         \code{weights}: is expected to be a vector of type :{numeric} with the weights associated to the samples provided
         |                                                             ^
  checkRd: (-1) mRMRe.Data-class.Rd:28: Lost braces; missing escapes or markup?
      28 |         \code{priors}: is expected to be a matrix of type :{numeric} where \code{priors[i, j]}: denotes an forced association between
         |                                                            ^
  checkRd: (-1) mRMRe.Data-class.Rd:34: Lost braces; missing escapes or markup?
      34 |         using an estimator specified in \code{continuous_estimator}; currently, :{pearson, spearman, kendall, frequency} are supported.
         |                                                                                  ^
Flavors: r-devel-linux-x86_64-debian-clang, r-devel-linux-x86_64-debian-gcc, r-devel-linux-x86_64-fedora-clang, r-devel-linux-x86_64-fedora-gcc, r-devel-windows-x86_64, r-patched-linux-x86_64, r-release-linux-x86_64, r-release-macos-arm64, r-release-macos-x86_64, r-release-windows-x86_64, r-oldrel-macos-arm64, r-oldrel-macos-x86_64, r-oldrel-windows-x86_64