Last updated on 2025-05-12 01:49:15 CEST.
Flavor | Version | Tinstall | Tcheck | Ttotal | Status | Flags |
---|---|---|---|---|---|---|
r-devel-linux-x86_64-debian-clang | 1.9 | 2.11 | 33.63 | 35.74 | OK | |
r-devel-linux-x86_64-debian-gcc | 1.9 | 1.70 | 27.10 | 28.80 | OK | |
r-devel-linux-x86_64-fedora-clang | 1.9 | 56.81 | OK | |||
r-devel-linux-x86_64-fedora-gcc | 1.9 | 68.49 | OK | |||
r-devel-windows-x86_64 | 1.9 | 3.00 | 0.00 | 3.00 | FAIL | |
r-patched-linux-x86_64 | 1.9 | 2.21 | 32.06 | 34.27 | OK | |
r-release-linux-x86_64 | 1.9 | 2.02 | 31.83 | 33.85 | OK | |
r-release-macos-arm64 | 1.9 | 29.00 | OK | |||
r-release-macos-x86_64 | 1.9 | 49.00 | OK | |||
r-release-windows-x86_64 | 1.9 | 3.00 | 59.00 | 62.00 | OK | |
r-oldrel-macos-arm64 | 1.9 | 31.00 | OK | |||
r-oldrel-macos-x86_64 | 1.9 | 57.00 | OK | |||
r-oldrel-windows-x86_64 | 1.9 | 4.00 | 63.00 | 67.00 | OK |
Version: 1.9
Check: PDF version of manual
Result: FAIL
Check process probably crashed or hung up for 20 minutes ... killed
Most likely this happened in the example checks (?),
if not, ignore the following last lines of example output:
> ##D vc(ma)
> ##D ## effect component std.error z.ratio constr
> ##D ## Rail!Rail.var 615.3 392.6 1.6 pos
> ##D ## R!variance 16.17 6.6 2.4 pos
> ##D
> ##D # See vignette for rjags example
> ##D
> ##D # To change the number of digits, use the print function.
> ##D print(vc(m3), dig=5)
> ##D
> ## End(Not run)
>
>
>
>
> ### * <FOOTER>
> ###
> cleanEx()
> options(digits = 7L)
> base::cat("Time elapsed: ", proc.time() - base::get("ptime", pos = 'CheckExEnv'),"\n")
Time elapsed: 0.33 0.09 0.42 NA NA
> grDevices::dev.off()
null device
1
> ###
> ### Local variables: ***
> ### mode: outline-minor ***
> ### outline-regexp: "\\(> \\)?### [*]+" ***
> ### End: ***
> quit('no')
======== End of example output (where/before crash/hang up occured ?) ========
Flavor: r-devel-windows-x86_64