Last updated on 2025-11-24 00:48:46 CET.
| Flavor | Version | Tinstall | Tcheck | Ttotal | Status | Flags |
|---|---|---|---|---|---|---|
| r-devel-linux-x86_64-debian-clang | 1.0.0 | 2.02 | 34.77 | 36.79 | OK | |
| r-devel-linux-x86_64-debian-gcc | 1.0.0 | 1.53 | 26.22 | 27.75 | OK | |
| r-devel-linux-x86_64-fedora-clang | 1.0.0 | 52.80 | OK | |||
| r-devel-linux-x86_64-fedora-gcc | 1.0.0 | 49.89 | OK | |||
| r-devel-windows-x86_64 | 1.0.0 | 7.00 | 58.00 | 65.00 | OK | |
| r-patched-linux-x86_64 | 1.0.0 | 2.25 | 32.21 | 34.46 | OK | |
| r-release-linux-x86_64 | 1.0.0 | 2.06 | 31.41 | 33.47 | OK | |
| r-release-macos-arm64 | 1.0.0 | OK | ||||
| r-release-macos-x86_64 | 1.0.0 | 2.00 | 35.00 | 37.00 | OK | |
| r-release-windows-x86_64 | 1.0.0 | 4.00 | 57.00 | 61.00 | OK | |
| r-oldrel-macos-arm64 | 1.0.0 | NOTE | ||||
| r-oldrel-macos-x86_64 | 1.0.0 | 2.00 | 28.00 | 30.00 | NOTE | |
| r-oldrel-windows-x86_64 | 1.0.0 | 5.00 | 65.00 | 70.00 | NOTE |
Version: 1.0.0
Check: LazyData
Result: NOTE
'LazyData' is specified without a 'data' directory
Flavors: r-oldrel-macos-arm64, r-oldrel-macos-x86_64, r-oldrel-windows-x86_64