CRAN Package Check Results for Package lin.eval

Last updated on 2025-11-24 00:48:46 CET.

Flavor Version Tinstall Tcheck Ttotal Status Flags
r-devel-linux-x86_64-debian-clang 0.1.2 3.37 39.65 43.02 NOTE
r-devel-linux-x86_64-debian-gcc 0.1.2 3.09 29.78 32.87 NOTE
r-devel-linux-x86_64-fedora-clang 0.1.2 64.86 OK
r-devel-linux-x86_64-fedora-gcc 0.1.2 78.25 OK
r-devel-windows-x86_64 0.1.2 5.00 58.00 63.00 OK
r-patched-linux-x86_64 0.1.2 3.23 36.50 39.73 OK
r-release-linux-x86_64 0.1.2 3.97 36.19 40.16 OK
r-release-macos-arm64 0.1.2 OK
r-release-macos-x86_64 0.1.2 6.00 61.00 67.00 OK
r-release-windows-x86_64 0.1.2 4.00 57.00 61.00 OK
r-oldrel-macos-arm64 0.1.2 NOTE
r-oldrel-macos-x86_64 0.1.2 3.00 39.00 42.00 NOTE
r-oldrel-windows-x86_64 0.1.2 7.00 65.00 72.00 NOTE

Check Details

Version: 0.1.2
Check: CRAN incoming feasibility
Result: NOTE Maintainer: ‘Vishesh Shrivastav <vishesh2k6@gmail.com>’ No Authors@R field in DESCRIPTION. Please add one, modifying Authors@R: person(given = "Vishesh", family = "Shrivastav", role = c("aut", "cre"), email = "vishesh2k6@gmail.com") as necessary. Flavors: r-devel-linux-x86_64-debian-clang, r-devel-linux-x86_64-debian-gcc

Version: 0.1.2
Check: LazyData
Result: NOTE 'LazyData' is specified without a 'data' directory Flavors: r-oldrel-macos-arm64, r-oldrel-macos-x86_64, r-oldrel-windows-x86_64