Last updated on 2025-11-24 00:48:45 CET.
| Flavor | Version | Tinstall | Tcheck | Ttotal | Status | Flags |
|---|---|---|---|---|---|---|
| r-devel-linux-x86_64-debian-clang | 0.2.1 | 72.26 | 124.65 | 196.91 | OK | |
| r-devel-linux-x86_64-debian-gcc | 0.2.1 | 67.23 | 90.35 | 157.58 | OK | |
| r-devel-linux-x86_64-fedora-clang | 0.2.1 | 106.00 | 193.09 | 299.09 | NOTE | |
| r-devel-linux-x86_64-fedora-gcc | 0.2.1 | 135.00 | 215.47 | 350.47 | NOTE | |
| r-devel-windows-x86_64 | 0.2.1 | 102.00 | 159.00 | 261.00 | OK | |
| r-patched-linux-x86_64 | 0.2.1 | 86.29 | 117.51 | 203.80 | OK | |
| r-release-linux-x86_64 | 0.2.1 | 90.05 | 118.92 | 208.97 | OK | |
| r-release-macos-arm64 | 0.2.1 | OK | ||||
| r-release-macos-x86_64 | 0.2.1 | 49.00 | 134.00 | 183.00 | OK | |
| r-release-windows-x86_64 | 0.2.1 | 92.00 | 158.00 | 250.00 | OK | |
| r-oldrel-macos-arm64 | 0.2.1 | NOTE | ||||
| r-oldrel-macos-x86_64 | 0.2.1 | 32.00 | 255.00 | 287.00 | NOTE | |
| r-oldrel-windows-x86_64 | 0.2.1 | 108.00 | 208.00 | 316.00 | OK |
Version: 0.2.1
Check: dependencies in R code
Result: NOTE
Namespace in Imports field not imported from: ‘RcppProgress’
All declared Imports should be used.
Flavors: r-devel-linux-x86_64-fedora-clang, r-devel-linux-x86_64-fedora-gcc
Version: 0.2.1
Check: installed package size
Result: NOTE
installed size is 18.3Mb
sub-directories of 1Mb or more:
libs 17.9Mb
Flavors: r-oldrel-macos-arm64, r-oldrel-macos-x86_64