Last updated on 2025-11-24 00:48:45 CET.
| Flavor | Version | Tinstall | Tcheck | Ttotal | Status | Flags |
|---|---|---|---|---|---|---|
| r-devel-linux-x86_64-debian-clang | 0.2 | 12.45 | 91.59 | 104.04 | NOTE | |
| r-devel-linux-x86_64-debian-gcc | 0.2 | 9.08 | 70.17 | 79.25 | NOTE | |
| r-devel-linux-x86_64-fedora-clang | 0.2 | 27.00 | 132.36 | 159.36 | OK | |
| r-devel-linux-x86_64-fedora-gcc | 0.2 | 30.00 | 113.92 | 143.92 | OK | |
| r-devel-windows-x86_64 | 0.2 | 19.00 | 96.00 | 115.00 | OK | |
| r-patched-linux-x86_64 | 0.2 | 12.85 | 87.86 | 100.71 | OK | |
| r-release-linux-x86_64 | 0.2 | 10.82 | 88.33 | 99.15 | OK | |
| r-release-macos-arm64 | 0.2 | OK | ||||
| r-release-macos-x86_64 | 0.2 | 11.00 | 75.00 | 86.00 | OK | |
| r-release-windows-x86_64 | 0.2 | 14.00 | 94.00 | 108.00 | OK | |
| r-oldrel-macos-arm64 | 0.2 | NOTE | ||||
| r-oldrel-macos-x86_64 | 0.2 | 9.00 | 52.00 | 61.00 | NOTE | |
| r-oldrel-windows-x86_64 | 0.2 | 18.00 | 117.00 | 135.00 | NOTE |
Version: 0.2
Check: CRAN incoming feasibility
Result: NOTE
Maintainer: ‘Huseyin Yildiz <huseyinyildiz35@gmail.com>’
No Authors@R field in DESCRIPTION.
Please add one, modifying
Authors@R: person(given = "Huseyin",
family = "Yildiz",
role = c("aut", "cre"),
email = "huseyinyildiz35@gmail.com")
as necessary.
Flavors: r-devel-linux-x86_64-debian-clang, r-devel-linux-x86_64-debian-gcc
Version: 0.2
Check: LazyData
Result: NOTE
'LazyData' is specified without a 'data' directory
Flavors: r-oldrel-macos-arm64, r-oldrel-macos-x86_64, r-oldrel-windows-x86_64