CRAN Package Check Results for Package iprior

Last updated on 2025-06-27 01:49:34 CEST.

Flavor Version Tinstall Tcheck Ttotal Status Flags
r-devel-linux-x86_64-debian-clang 0.7.4 62.91 90.63 153.54 OK
r-devel-linux-x86_64-debian-gcc 0.7.4 46.76 66.83 113.59 OK
r-devel-linux-x86_64-fedora-clang 0.7.4 252.20 OK
r-devel-linux-x86_64-fedora-gcc 0.7.4 251.61 OK
r-devel-windows-x86_64 0.7.4 69.00 116.00 185.00 OK
r-patched-linux-x86_64 OK
r-release-linux-x86_64 0.7.4 64.11 89.79 153.90 OK
r-release-macos-arm64 0.7.4 92.00 OK
r-release-macos-x86_64 0.7.4 103.00 OK
r-release-windows-x86_64 0.7.4 73.00 118.00 191.00 OK
r-oldrel-macos-arm64 0.7.4 71.00 NOTE
r-oldrel-macos-x86_64 0.7.4 93.00 NOTE
r-oldrel-windows-x86_64 0.7.4 85.00 153.00 238.00 OK

Check Details

Version: 0.7.4
Check: installed package size
Result: NOTE installed size is 13.5Mb sub-directories of 1Mb or more: libs 12.2Mb Flavors: r-oldrel-macos-arm64, r-oldrel-macos-x86_64