Last updated on 2025-11-24 00:48:45 CET.
| Flavor | Version | Tinstall | Tcheck | Ttotal | Status | Flags |
|---|---|---|---|---|---|---|
| r-devel-linux-x86_64-debian-clang | 2.0-0 | 35.98 | 362.72 | 398.70 | NOTE | |
| r-devel-linux-x86_64-debian-gcc | 2.0-0 | 22.51 | 241.00 | 263.51 | NOTE | |
| r-devel-linux-x86_64-fedora-clang | 2.0-0 | 238.00 | 456.13 | 694.13 | OK | |
| r-devel-linux-x86_64-fedora-gcc | 2.0-0 | 218.00 | 468.52 | 686.52 | OK | |
| r-devel-windows-x86_64 | 2.0-0 | 35.00 | 285.00 | 320.00 | OK | |
| r-patched-linux-x86_64 | 2.0-0 | 28.23 | 344.00 | 372.23 | OK | |
| r-release-linux-x86_64 | 2.0-0 | 33.24 | 349.31 | 382.55 | OK | |
| r-release-macos-arm64 | 2.0-0 | OK | ||||
| r-release-macos-x86_64 | 2.0-0 | 37.00 | 320.00 | 357.00 | OK | |
| r-release-windows-x86_64 | 2.0-0 | 32.00 | 275.00 | 307.00 | OK | |
| r-oldrel-macos-arm64 | 2.0-0 | OK | ||||
| r-oldrel-macos-x86_64 | 2.0-0 | 22.00 | 212.00 | 234.00 | OK | |
| r-oldrel-windows-x86_64 | 2.0-0 | 43.00 | 400.00 | 443.00 | OK |
Version: 2.0-0
Check: CRAN incoming feasibility
Result: NOTE
Maintainer: ‘Jemma Stachelek <jemma.stachelek@gmail.com>’
Package CITATION file contains call(s) to old-style personList() or
as.personList(). Please use c() on person objects instead.
Package CITATION file contains call(s) to old-style citEntry(). Please
use bibentry() instead.
Flavors: r-devel-linux-x86_64-debian-clang, r-devel-linux-x86_64-debian-gcc