Last updated on 2025-11-03 00:50:04 CET.
| Flavor | Version | Tinstall | Tcheck | Ttotal | Status | Flags | 
|---|---|---|---|---|---|---|
| r-devel-linux-x86_64-debian-clang | 1.1-6 | 184.52 | 207.64 | 392.16 | OK | |
| r-devel-linux-x86_64-debian-gcc | 1.1-6 | 114.20 | 144.71 | 258.91 | OK | |
| r-devel-linux-x86_64-fedora-clang | 1.1-6 | 72.00 | 437.72 | 509.72 | WARN | |
| r-devel-linux-x86_64-fedora-gcc | 1.1-6 | 311.00 | 292.48 | 603.48 | OK | |
| r-devel-windows-x86_64 | 1.1-6 | 133.00 | 289.00 | 422.00 | OK | |
| r-patched-linux-x86_64 | 1.1-6 | 157.47 | 216.42 | 373.89 | OK | |
| r-release-linux-x86_64 | 1.1-6 | 155.83 | 213.27 | 369.10 | OK | |
| r-release-macos-arm64 | 1.1-6 | 69.00 | 95.00 | 164.00 | OK | |
| r-release-macos-x86_64 | 1.1-6 | 64.00 | 215.00 | 279.00 | OK | |
| r-release-windows-x86_64 | 1.1-6 | 127.00 | 290.00 | 417.00 | OK | |
| r-oldrel-macos-arm64 | 1.1-6 | 71.00 | 107.00 | 178.00 | NOTE | |
| r-oldrel-macos-x86_64 | 1.1-6 | 48.00 | 151.00 | 199.00 | NOTE | |
| r-oldrel-windows-x86_64 | 1.1-6 | 164.00 | 355.00 | 519.00 | OK | 
Version: 1.1-6
Check: re-building of vignette outputs
Result: WARN
  Error(s) in re-building vignettes:
  --- re-building ‘interp.Rnw’ using Sweave
  Error: processing vignette 'interp.Rnw' failed with diagnostics:
  Running 'texi2dvi' on 'interp.tex' failed.
  LaTeX errors:
  ! Package Listings Error: Extra \endSinput.
  
  See the Listings package documentation for explanation.
  Type  H <return>  for immediate help.
   ...                                              
  ! Emergency stop.
   ...                                              
                                                    
  l.268 \end{Sinput}
                    
  !  ==> Fatal error occurred, no output PDF file produced!
  --- failed re-building ‘interp.Rnw’
  
  --- re-building ‘partDeriv.Rnw’ using Sweave
  
  Attaching package: ‘Ryacas’
  
  The following object is masked from ‘package:stats’:
  
      integrate
  
  The following objects are masked from ‘package:base’:
  
      %*%, det, diag, diag<-, lower.tri, upper.tri
  
  Warning: `stat_contour()`: Zero contours were generated
  Warning in min(x) : no non-missing arguments to min; returning Inf
  Warning in max(x) : no non-missing arguments to max; returning -Inf
  Warning: `stat_contour()`: Zero contours were generated
  Warning in min(x) : no non-missing arguments to min; returning Inf
  Warning in max(x) : no non-missing arguments to max; returning -Inf
  Warning: `stat_contour()`: Zero contours were generated
  Warning in min(x) : no non-missing arguments to min; returning Inf
  Warning in max(x) : no non-missing arguments to max; returning -Inf
  Warning: `stat_contour()`: Zero contours were generated
  Warning in min(x) : no non-missing arguments to min; returning Inf
  Warning in max(x) : no non-missing arguments to max; returning -Inf
  Error: processing vignette 'partDeriv.Rnw' failed with diagnostics:
  Running 'texi2dvi' on 'partDeriv.tex' failed.
  LaTeX errors:
  ! Package Listings Error: Extra \endSinput.
  
  See the Listings package documentation for explanation.
  Type  H <return>  for immediate help.
   ...                                              
  ! Emergency stop.
   ...                                              
                                                    
  l.345   \end{Sinput}
                      
  !  ==> Fatal error occurred, no output PDF file produced!
  --- failed re-building ‘partDeriv.Rnw’
  
  --- re-building ‘tri.Rnw’ using Sweave
  Error: processing vignette 'tri.Rnw' failed with diagnostics:
  Running 'texi2dvi' on 'tri.tex' failed.
  LaTeX errors:
  ! Package Listings Error: Extra \endSinput.
  
  See the Listings package documentation for explanation.
  Type  H <return>  for immediate help.
   ...                                              
  ! Emergency stop.
   ...                                              
                                                    
  l.275 \end{Sinput}
                    
  !  ==> Fatal error occurred, no output PDF file produced!
  --- failed re-building ‘tri.Rnw’
  
  SUMMARY: processing the following files failed:
    ‘interp.Rnw’ ‘partDeriv.Rnw’ ‘tri.Rnw’
  
  Error: Vignette re-building failed.
  Execution halted
Flavor: r-devel-linux-x86_64-fedora-clang
Version: 1.1-6
Check: installed package size
Result: NOTE
    installed size is 39.5Mb
    sub-directories of 1Mb or more:
      doc    1.1Mb
      libs  38.1Mb
Flavors: r-oldrel-macos-arm64, r-oldrel-macos-x86_64