CRAN Package Check Results for Package ineq.2d

Last updated on 2025-06-27 01:49:34 CEST.

Flavor Version Tinstall Tcheck Ttotal Status Flags
r-devel-linux-x86_64-debian-clang 0.1.0 1.90 26.66 28.56 NOTE
r-devel-linux-x86_64-debian-gcc 0.1.0 1.28 21.20 22.48 NOTE
r-devel-linux-x86_64-fedora-clang 0.1.0 47.23 OK
r-devel-linux-x86_64-fedora-gcc 0.1.0 55.40 OK
r-devel-windows-x86_64 0.1.0 4.00 49.00 53.00 OK
r-patched-linux-x86_64 OK
r-release-linux-x86_64 0.1.0 1.81 25.19 27.00 OK
r-release-macos-arm64 0.1.0 25.00 OK
r-release-macos-x86_64 0.1.0 45.00 OK
r-release-windows-x86_64 0.1.0 4.00 49.00 53.00 OK
r-oldrel-macos-arm64 0.1.0 24.00 OK
r-oldrel-macos-x86_64 0.1.0 37.00 OK
r-oldrel-windows-x86_64 0.1.0 4.00 54.00 58.00 OK

Check Details

Version: 0.1.0
Check: CRAN incoming feasibility
Result: NOTE Maintainer: ‘Ivan Skliarov <i.skliarov@student.uw.edu.pl>’ No Authors@R field in DESCRIPTION. Please add one, modifying Authors@R: person(given = "Ivan", family = "Skliarov", role = c("aut", "cre"), email = "i.skliarov@student.uw.edu.pl") as necessary. Flavors: r-devel-linux-x86_64-debian-clang, r-devel-linux-x86_64-debian-gcc