CRAN Package Check Results for Package imputeTS

Last updated on 2025-06-27 01:49:34 CEST.

Flavor Version Tinstall Tcheck Ttotal Status Flags
r-devel-linux-x86_64-debian-clang 3.3 21.50 155.29 176.79 NOTE
r-devel-linux-x86_64-debian-gcc 3.3 18.60 110.65 129.25 NOTE
r-devel-linux-x86_64-fedora-clang 3.3 312.39 OK
r-devel-linux-x86_64-fedora-gcc 3.3 295.24 OK
r-devel-windows-x86_64 3.3 32.00 195.00 227.00 OK
r-patched-linux-x86_64 OK
r-release-linux-x86_64 3.3 24.79 150.74 175.53 OK
r-release-macos-arm64 3.3 135.00 OK
r-release-macos-x86_64 3.3 166.00 OK
r-release-windows-x86_64 3.3 35.00 201.00 236.00 OK
r-oldrel-macos-arm64 3.3 87.00 OK
r-oldrel-macos-x86_64 3.3 125.00 OK
r-oldrel-windows-x86_64 3.3 36.00 240.00 276.00 OK

Check Details

Version: 3.3
Check: CRAN incoming feasibility
Result: NOTE Maintainer: ‘Steffen Moritz <steffen.moritz10@gmail.com>’ Package CITATION file contains call(s) to old-style personList() or as.personList(). Please use c() on person objects instead. Flavors: r-devel-linux-x86_64-debian-clang, r-devel-linux-x86_64-debian-gcc