CRAN Package Check Results for Package iBST

Last updated on 2025-11-24 00:48:44 CET.

Flavor Version Tinstall Tcheck Ttotal Status Flags
r-devel-linux-x86_64-debian-clang 1.2 18.12 60.51 78.63 NOTE
r-devel-linux-x86_64-debian-gcc 1.2 13.34 46.12 59.46 NOTE
r-devel-linux-x86_64-fedora-clang 1.2 55.00 73.44 128.44 OK
r-devel-linux-x86_64-fedora-gcc 1.2 34.00 82.02 116.02 OK
r-devel-windows-x86_64 1.2 24.00 86.00 110.00 OK
r-patched-linux-x86_64 1.2 18.73 58.30 77.03 OK
r-release-linux-x86_64 1.2 18.59 57.84 76.43 OK
r-release-macos-arm64 1.2 OK
r-release-macos-x86_64 1.2 12.00 44.00 56.00 OK
r-release-windows-x86_64 1.2 24.00 101.00 125.00 OK
r-oldrel-macos-arm64 1.2 OK
r-oldrel-macos-x86_64 1.2 11.00 45.00 56.00 OK
r-oldrel-windows-x86_64 1.2 28.00 106.00 134.00 OK

Check Details

Version: 1.2
Check: CRAN incoming feasibility
Result: NOTE Maintainer: ‘Cyprien Mbogning <cyprien.mbogning@gmail.com>’ No Authors@R field in DESCRIPTION. Please add one, modifying Authors@R: c(person(given = "Cyprien", family = "Mbogning", role = c("aut", "cre"), email = "cyprien.mbogning@gmail.com"), person(given = "Philippe", family = "Broet", role = "aut")) as necessary. Flavors: r-devel-linux-x86_64-debian-clang, r-devel-linux-x86_64-debian-gcc