Last updated on 2025-11-24 00:48:44 CET.
| Flavor | Version | Tinstall | Tcheck | Ttotal | Status | Flags |
|---|---|---|---|---|---|---|
| r-devel-linux-x86_64-debian-clang | 0.4.3 | 10.11 | 124.24 | 134.35 | NOTE | |
| r-devel-linux-x86_64-debian-gcc | 0.4.3 | 6.48 | 93.09 | 99.57 | NOTE | |
| r-devel-linux-x86_64-fedora-clang | 0.4.3 | 30.00 | 195.46 | 225.46 | NOTE | |
| r-devel-linux-x86_64-fedora-gcc | 0.4.3 | 31.00 | 250.45 | 281.45 | NOTE | |
| r-devel-windows-x86_64 | 0.4.3 | 15.00 | 227.00 | 242.00 | NOTE | |
| r-patched-linux-x86_64 | 0.4.3 | 9.58 | 127.65 | 137.23 | NOTE | |
| r-release-linux-x86_64 | 0.4.3 | 9.66 | 129.13 | 138.79 | NOTE | |
| r-release-macos-arm64 | 0.4.3 | NOTE | ||||
| r-release-macos-x86_64 | 0.4.3 | 7.00 | 109.00 | 116.00 | NOTE | |
| r-release-windows-x86_64 | 0.4.3 | 13.00 | 207.00 | 220.00 | NOTE | |
| r-oldrel-macos-arm64 | 0.4.3 | NOTE | ||||
| r-oldrel-macos-x86_64 | 0.4.3 | 7.00 | 87.00 | 94.00 | NOTE | |
| r-oldrel-windows-x86_64 | 0.4.3 | 14.00 | 232.00 | 246.00 | NOTE |
Version: 0.4.3
Check: C++ specification
Result: NOTE
Specified C++11: please drop specification unless essential
Flavors: r-devel-linux-x86_64-debian-clang, r-devel-linux-x86_64-debian-gcc, r-devel-linux-x86_64-fedora-clang, r-devel-linux-x86_64-fedora-gcc, r-devel-windows-x86_64, r-patched-linux-x86_64, r-release-linux-x86_64, r-release-macos-arm64, r-release-macos-x86_64, r-release-windows-x86_64, r-oldrel-macos-arm64, r-oldrel-macos-x86_64, r-oldrel-windows-x86_64
Version: 0.4.3
Check: LazyData
Result: NOTE
'LazyData' is specified without a 'data' directory
Flavors: r-oldrel-macos-arm64, r-oldrel-macos-x86_64, r-oldrel-windows-x86_64