Last updated on 2025-07-21 01:49:05 CEST.
Flavor | Version | Tinstall | Tcheck | Ttotal | Status | Flags |
---|---|---|---|---|---|---|
r-devel-linux-x86_64-debian-clang | 1.4.1 | 19.30 | 82.01 | 101.31 | OK | |
r-devel-linux-x86_64-debian-gcc | 1.4.1 | 13.36 | 58.77 | 72.13 | OK | |
r-devel-linux-x86_64-fedora-clang | 1.4.1 | 150.72 | OK | |||
r-devel-linux-x86_64-fedora-gcc | 1.4.1 | 144.05 | OK | |||
r-devel-windows-x86_64 | 1.4.1 | 23.00 | 105.00 | 128.00 | OK | |
r-patched-linux-x86_64 | 1.4.1 | 15.69 | 78.35 | 94.04 | OK | |
r-release-linux-x86_64 | 1.4.1 | 15.95 | 77.73 | 93.68 | OK | |
r-release-macos-arm64 | 1.4.1 | 55.00 | OK | |||
r-release-macos-x86_64 | 1.4.1 | 88.00 | OK | |||
r-release-windows-x86_64 | 1.4.1 | 24.00 | 108.00 | 132.00 | OK | |
r-oldrel-macos-arm64 | 1.4.1 | 60.00 | OK | |||
r-oldrel-macos-x86_64 | 1.4.1 | 136.00 | NOTE | |||
r-oldrel-windows-x86_64 | 1.4.1 | 30.00 | 134.00 | 164.00 | OK |
Version: 1.4.1
Check: installed package size
Result: NOTE
installed size is 5.1Mb
sub-directories of 1Mb or more:
libs 4.7Mb
Flavor: r-oldrel-macos-x86_64