CRAN Package Check Results for Package gridBezier

Last updated on 2025-05-12 01:49:12 CEST.

Flavor Version Tinstall Tcheck Ttotal Status Flags
r-devel-linux-x86_64-debian-clang 1.1-1 1.91 22.77 24.68 NOTE
r-devel-linux-x86_64-debian-gcc 1.1-1 1.65 18.10 19.75 NOTE
r-devel-linux-x86_64-fedora-clang 1.1-1 38.19 OK
r-devel-linux-x86_64-fedora-gcc 1.1-1 37.28 OK
r-devel-windows-x86_64 1.1-1 4.00 48.00 52.00 OK
r-patched-linux-x86_64 1.1-1 2.26 21.93 24.19 OK
r-release-linux-x86_64 1.1-1 1.84 22.07 23.91 OK
r-release-macos-arm64 1.1-1 16.00 OK
r-release-macos-x86_64 1.1-1 28.00 OK
r-release-windows-x86_64 1.1-1 3.00 52.00 55.00 OK
r-oldrel-macos-arm64 1.1-1 16.00 OK
r-oldrel-macos-x86_64 1.1-1 24.00 OK
r-oldrel-windows-x86_64 1.1-1 3.00 49.00 52.00 OK

Check Details

Version: 1.1-1
Check: CRAN incoming feasibility
Result: NOTE Maintainer: ‘Paul Murrell <paul@stat.auckland.ac.nz>’ No Authors@R field in DESCRIPTION. Please add one, modifying Authors@R: person(given = "Paul", family = "Murrell", role = c("aut", "cre"), email = "paul@stat.auckland.ac.nz") as necessary. Flavors: r-devel-linux-x86_64-debian-clang, r-devel-linux-x86_64-debian-gcc