Last updated on 2025-11-03 00:50:02 CET.
| Flavor | Version | Tinstall | Tcheck | Ttotal | Status | Flags | 
|---|---|---|---|---|---|---|
| r-devel-linux-x86_64-debian-clang | 0.1.4 | 3.23 | 215.96 | 219.19 | NOTE | |
| r-devel-linux-x86_64-debian-gcc | 0.1.4 | 2.21 | 140.36 | 142.57 | NOTE | |
| r-devel-linux-x86_64-fedora-clang | 0.1.4 | 346.69 | NOTE | |||
| r-devel-linux-x86_64-fedora-gcc | 0.1.4 | 304.03 | NOTE | |||
| r-devel-windows-x86_64 | 0.1.4 | 5.00 | 184.00 | 189.00 | NOTE | |
| r-patched-linux-x86_64 | 0.1.4 | 2.61 | 204.67 | 207.28 | NOTE | |
| r-release-linux-x86_64 | 0.1.4 | 2.23 | 207.96 | 210.19 | NOTE | |
| r-release-macos-arm64 | 0.1.4 | 2.00 | 68.00 | 70.00 | NOTE | |
| r-release-macos-x86_64 | 0.1.4 | 2.00 | 144.00 | 146.00 | OK | |
| r-release-windows-x86_64 | 0.1.4 | 4.00 | 182.00 | 186.00 | NOTE | |
| r-oldrel-macos-arm64 | 0.1.4 | 2.00 | 69.00 | 71.00 | OK | |
| r-oldrel-macos-x86_64 | 0.1.4 | 2.00 | 126.00 | 128.00 | OK | |
| r-oldrel-windows-x86_64 | 0.1.4 | 7.00 | 252.00 | 259.00 | OK | 
Version: 0.1.4
Check: DESCRIPTION meta-information
Result: NOTE
    Missing dependency on R >= 4.1.0 because package code uses the pipe
    |> or function shorthand \(...) syntax added in R 4.1.0.
    File(s) using such syntax:
      ‘reveal_aes.Rd’ ‘reveal_axis.Rd’ ‘reveal_groups.Rd’
      ‘reveal_layers.Rd’ ‘reveal_panels.Rd’ ‘reveal_save.Rd’
Flavors: r-devel-linux-x86_64-debian-clang, r-devel-linux-x86_64-debian-gcc, r-devel-linux-x86_64-fedora-clang, r-devel-linux-x86_64-fedora-gcc, r-devel-windows-x86_64, r-patched-linux-x86_64, r-release-linux-x86_64, r-release-macos-arm64, r-release-windows-x86_64