Last updated on 2025-11-03 00:50:02 CET.
| Flavor | Version | Tinstall | Tcheck | Ttotal | Status | Flags | 
|---|---|---|---|---|---|---|
| r-devel-linux-x86_64-debian-clang | 2.2 | 8.83 | 65.79 | 74.62 | NOTE | |
| r-devel-linux-x86_64-debian-gcc | 2.2 | 5.35 | 46.83 | 52.18 | NOTE | |
| r-devel-linux-x86_64-fedora-clang | 2.2 | 36.00 | 78.17 | 114.17 | OK | |
| r-devel-linux-x86_64-fedora-gcc | 2.2 | 16.00 | 85.62 | 101.62 | OK | |
| r-devel-windows-x86_64 | 2.2 | 10.00 | 72.00 | 82.00 | NOTE | |
| r-patched-linux-x86_64 | 2.2 | 8.40 | 60.76 | 69.16 | NOTE | |
| r-release-linux-x86_64 | 2.2 | 8.65 | 60.79 | 69.44 | NOTE | |
| r-release-macos-arm64 | 2.2 | 3.00 | 26.00 | 29.00 | OK | |
| r-release-macos-x86_64 | 2.2 | 5.00 | 43.00 | 48.00 | OK | |
| r-release-windows-x86_64 | 2.2 | 11.00 | 72.00 | 83.00 | NOTE | |
| r-oldrel-macos-arm64 | 2.2 | 3.00 | 25.00 | 28.00 | OK | |
| r-oldrel-macos-x86_64 | 2.2 | 4.00 | 35.00 | 39.00 | OK | |
| r-oldrel-windows-x86_64 | 2.2 | 13.00 | 88.00 | 101.00 | OK | 
Version: 2.2
Check: Rd cross-references
Result: NOTE
  Found the following Rd file(s) with Rd \link{} targets missing package
  anchors:
    ggheatmap_theme.Rd: theme
  Please provide package anchors for all Rd \link{} targets not in the
  package itself and the base packages.
Flavors: r-devel-linux-x86_64-debian-clang, r-devel-linux-x86_64-debian-gcc, r-devel-windows-x86_64, r-patched-linux-x86_64, r-release-linux-x86_64, r-release-windows-x86_64