Last updated on 2025-06-27 01:49:32 CEST.
Flavor | Version | Tinstall | Tcheck | Ttotal | Status | Flags |
---|---|---|---|---|---|---|
r-devel-linux-x86_64-debian-clang | 2.3.0 | 39.70 | 175.43 | 215.13 | NOTE | |
r-devel-linux-x86_64-debian-gcc | 2.3.0 | 26.93 | 119.76 | 146.69 | NOTE | |
r-devel-linux-x86_64-fedora-clang | 2.3.0 | 358.80 | NOTE | |||
r-devel-linux-x86_64-fedora-gcc | 2.3.0 | 370.23 | NOTE | |||
r-devel-windows-x86_64 | 2.3.0 | 50.00 | 210.00 | 260.00 | NOTE | |
r-patched-linux-x86_64 | NOTE | |||||
r-release-linux-x86_64 | 2.3.0 | 39.67 | 166.58 | 206.25 | NOTE | |
r-release-macos-arm64 | 2.3.0 | 97.00 | NOTE | |||
r-release-macos-x86_64 | 2.3.0 | 187.00 | NOTE | |||
r-release-windows-x86_64 | 2.3.0 | 53.00 | 213.00 | 266.00 | NOTE | |
r-oldrel-macos-arm64 | 2.3.0 | 90.00 | OK | |||
r-oldrel-macos-x86_64 | 2.3.0 | 141.00 | OK | |||
r-oldrel-windows-x86_64 | 2.3.0 | 56.00 | 270.00 | 326.00 | OK |
Version: 2.3.0
Check: DESCRIPTION meta-information
Result: NOTE
Missing dependency on R >= 4.1.0 because package code uses the pipe
|> or function shorthand \(...) syntax added in R 4.1.0.
File(s) using such syntax:
‘dra_vtd.R’ ‘heda.R’ ‘lewis.R’ ‘regionalize.R’
Flavors: r-devel-linux-x86_64-debian-clang, r-devel-linux-x86_64-debian-gcc, r-devel-linux-x86_64-fedora-clang, r-devel-linux-x86_64-fedora-gcc, r-devel-windows-x86_64, r-patched-linux-x86_64, r-release-linux-x86_64, r-release-macos-arm64, r-release-macos-x86_64, r-release-windows-x86_64