Last updated on 2025-11-03 00:50:02 CET.
| Flavor | Version | Tinstall | Tcheck | Ttotal | Status | Flags | 
|---|---|---|---|---|---|---|
| r-devel-linux-x86_64-debian-clang | 1.2.0 | 3.27 | 31.63 | 34.90 | NOTE | |
| r-devel-linux-x86_64-debian-gcc | 1.2.0 | 2.21 | 24.76 | 26.97 | NOTE | |
| r-devel-linux-x86_64-fedora-clang | 1.2.0 | 16.00 | 39.60 | 55.60 | OK | |
| r-devel-linux-x86_64-fedora-gcc | 1.2.0 | 48.63 | OK | |||
| r-devel-windows-x86_64 | 1.2.0 | 5.00 | 48.00 | 53.00 | OK | |
| r-patched-linux-x86_64 | 1.2.0 | 3.27 | 28.81 | 32.08 | OK | |
| r-release-linux-x86_64 | 1.2.0 | 2.62 | 29.10 | 31.72 | OK | |
| r-release-macos-arm64 | 1.2.0 | 2.00 | 21.00 | 23.00 | OK | |
| r-release-macos-x86_64 | 1.2.0 | 3.00 | 29.00 | 32.00 | OK | |
| r-release-windows-x86_64 | 1.2.0 | 5.00 | 48.00 | 53.00 | OK | |
| r-oldrel-macos-arm64 | 1.2.0 | 2.00 | 19.00 | 21.00 | OK | |
| r-oldrel-macos-x86_64 | 1.2.0 | 2.00 | 26.00 | 28.00 | OK | |
| r-oldrel-windows-x86_64 | 1.2.0 | 5.00 | 55.00 | 60.00 | OK | 
Version: 1.2.0
Check: CRAN incoming feasibility
Result: NOTE
  Maintainer: ‘Waley W. J. Liang <wliang10@gmail.com>’
  
  No Authors@R field in DESCRIPTION.
  Please add one, modifying
    Authors@R: person(given = c("Waley", "W.", "J."),
                      family = "Liang",
                      role = c("aut", "cre"),
                      email = "wliang10@gmail.com")
  as necessary.
Flavors: r-devel-linux-x86_64-debian-clang, r-devel-linux-x86_64-debian-gcc