Last updated on 2025-11-24 00:48:42 CET.
| Flavor | Version | Tinstall | Tcheck | Ttotal | Status | Flags |
|---|---|---|---|---|---|---|
| r-devel-linux-x86_64-debian-clang | 1.1.7 | 47.53 | 62.47 | 110.00 | NOTE | |
| r-devel-linux-x86_64-debian-gcc | 1.1.7 | 44.46 | 47.88 | 92.34 | NOTE | |
| r-devel-linux-x86_64-fedora-clang | 1.1.7 | 128.00 | 54.79 | 182.79 | OK | |
| r-devel-linux-x86_64-fedora-gcc | 1.1.7 | 133.00 | 72.38 | 205.38 | OK | |
| r-devel-windows-x86_64 | 1.1.7 | 71.00 | 92.00 | 163.00 | OK | |
| r-patched-linux-x86_64 | 1.1.7 | 59.82 | 59.43 | 119.25 | OK | |
| r-release-linux-x86_64 | 1.1.7 | 59.28 | 59.92 | 119.20 | OK | |
| r-release-macos-arm64 | 1.1.7 | OK | ||||
| r-release-macos-x86_64 | 1.1.7 | 62.00 | 64.00 | 126.00 | OK | |
| r-release-windows-x86_64 | 1.1.7 | 63.00 | 109.00 | 172.00 | OK | |
| r-oldrel-macos-arm64 | 1.1.7 | NOTE | ||||
| r-oldrel-macos-x86_64 | 1.1.7 | 70.00 | 82.00 | 152.00 | OK | |
| r-oldrel-windows-x86_64 | 1.1.7 | 75.00 | 121.00 | 196.00 | OK |
Version: 1.1.7
Check: CRAN incoming feasibility
Result: NOTE
Maintainer: ‘Werner Mueller <werner.mueller5@chello.at>’
No Authors@R field in DESCRIPTION.
Please add one, modifying
Authors@R: person(given = "Werner",
family = "Mueller",
role = c("aut", "cre"),
email = "werner.mueller5@chello.at")
as necessary.
Flavors: r-devel-linux-x86_64-debian-clang, r-devel-linux-x86_64-debian-gcc
Version: 1.1.7
Check: installed package size
Result: NOTE
installed size is 5.1Mb
sub-directories of 1Mb or more:
libs 4.5Mb
Flavor: r-oldrel-macos-arm64