CRAN Package Check Results for Package frbinom

Last updated on 2025-07-18 01:49:14 CEST.

Flavor Version Tinstall Tcheck Ttotal Status Flags
r-devel-linux-x86_64-debian-clang 1.0.0 2.06 21.44 23.50 NOTE
r-devel-linux-x86_64-debian-gcc 1.0.0 1.65 17.89 19.54 NOTE
r-devel-linux-x86_64-fedora-clang 1.0.0 35.17 OK
r-devel-linux-x86_64-fedora-gcc 1.0.0 33.82 OK
r-devel-windows-x86_64 1.0.0 3.00 40.00 43.00 OK
r-patched-linux-x86_64 1.0.0 2.11 19.51 21.62 OK
r-release-linux-x86_64 1.0.0 2.01 19.07 21.08 OK
r-release-macos-arm64 1.0.0 15.00 OK
r-release-macos-x86_64 1.0.0 29.00 OK
r-release-windows-x86_64 1.0.0 4.00 41.00 45.00 OK
r-oldrel-macos-arm64 1.0.0 16.00 OK
r-oldrel-macos-x86_64 1.0.0 20.00 OK
r-oldrel-windows-x86_64 1.0.0 4.00 45.00 49.00 OK

Check Details

Version: 1.0.0
Check: CRAN incoming feasibility
Result: NOTE Maintainer: ‘Jeonghwa Lee <leejeonghwa5@gmail.com>’ The Description field contains distributions. (Lee, J. (2023) <arXiv:2209.01516>.) Please refer to arXiv e-prints via their arXiv DOI <doi:10.48550/arXiv.YYMM.NNNNN>. Flavors: r-devel-linux-x86_64-debian-clang, r-devel-linux-x86_64-debian-gcc