Last updated on 2025-11-03 00:50:01 CET.
| Flavor | Version | Tinstall | Tcheck | Ttotal | Status | Flags | 
|---|---|---|---|---|---|---|
| r-devel-linux-x86_64-debian-clang | 2.0.8.2 | 11.91 | 197.89 | 209.80 | NOTE | |
| r-devel-linux-x86_64-debian-gcc | 2.0.8.2 | 9.23 | 135.51 | 144.74 | NOTE | |
| r-devel-linux-x86_64-fedora-clang | 2.0.8.2 | 59.00 | 287.80 | 346.80 | OK | |
| r-devel-linux-x86_64-fedora-gcc | 2.0.8.2 | 37.00 | 290.11 | 327.11 | OK | |
| r-devel-windows-x86_64 | 2.0.8.2 | 15.00 | 183.00 | 198.00 | OK | |
| r-patched-linux-x86_64 | 2.0.8.2 | 12.21 | 188.42 | 200.63 | OK | |
| r-release-linux-x86_64 | 2.0.8.2 | 12.33 | 186.01 | 198.34 | OK | |
| r-release-macos-arm64 | 2.0.8.2 | 5.00 | 181.00 | 186.00 | OK | |
| r-release-macos-x86_64 | 2.0.8.2 | 10.00 | 187.00 | 197.00 | OK | |
| r-release-windows-x86_64 | 2.0.8.2 | 15.00 | 181.00 | 196.00 | OK | |
| r-oldrel-macos-arm64 | 2.0.8.2 | 5.00 | 73.00 | 78.00 | OK | |
| r-oldrel-macos-x86_64 | 2.0.8.2 | 16.00 | 221.00 | 237.00 | OK | |
| r-oldrel-windows-x86_64 | 2.0.8.2 | 21.00 | 245.00 | 266.00 | OK | 
Version: 2.0.8.2
Check: CRAN incoming feasibility
Result: NOTE
  Maintainer: ‘Tianshu Chen <tianshu129@163.com>’
  
  No Authors@R field in DESCRIPTION.
  Please add one, modifying
    Authors@R: person(given = "Tianshu",
                      family = "Chen",
                      role = c("aut", "cre"),
                      email = "tianshu129@163.com")
  as necessary.
Flavors: r-devel-linux-x86_64-debian-clang, r-devel-linux-x86_64-debian-gcc