CRAN Package Check Results for Package fmcmc

Last updated on 2025-07-18 01:49:14 CEST.

Flavor Version Tinstall Tcheck Ttotal Status Flags
r-devel-linux-x86_64-debian-clang 0.5-2 3.67 108.97 112.64 NOTE
r-devel-linux-x86_64-debian-gcc 0.5-2 2.79 72.84 75.63 NOTE
r-devel-linux-x86_64-fedora-clang 0.5-2 175.08 OK
r-devel-linux-x86_64-fedora-gcc 0.5-2 184.94 OK
r-devel-windows-x86_64 0.5-2 5.00 153.00 158.00 OK
r-patched-linux-x86_64 0.5-2 3.89 105.21 109.10 OK
r-release-linux-x86_64 0.5-2 3.52 104.34 107.86 OK
r-release-macos-arm64 0.5-2 75.00 OK
r-release-macos-x86_64 0.5-2 132.00 OK
r-release-windows-x86_64 0.5-2 5.00 146.00 151.00 OK
r-oldrel-macos-arm64 0.5-2 61.00 OK
r-oldrel-macos-x86_64 0.5-2 95.00 OK
r-oldrel-windows-x86_64 0.5-2 6.00 179.00 185.00 OK

Check Details

Version: 0.5-2
Check: DESCRIPTION meta-information
Result: NOTE Author field differs from that derived from Authors@R Author: ‘George Vega Yon [aut, cre] (<https://orcid.org/0000-0002-3171-0844>), Paul Marjoram [ctb, ths] (<https://orcid.org/0000-0003-0824-7449>), National Cancer Institute (NCI) [fnd] (Grant Number 5P01CA196569-02), Fabian Scheipl [rev] (JOSS reviewer, <https://orcid.org/0000-0001-8172-3603>)’ Authors@R: ‘George Vega Yon [aut, cre] (ORCID: <https://orcid.org/0000-0002-3171-0844>), Paul Marjoram [ctb, ths] (ORCID: <https://orcid.org/0000-0003-0824-7449>), National Cancer Institute (NCI) [fnd] (Grant Number 5P01CA196569-02), Fabian Scheipl [rev] (what: JOSS reviewer, ORCID: <https://orcid.org/0000-0001-8172-3603>)’ Flavors: r-devel-linux-x86_64-debian-clang, r-devel-linux-x86_64-debian-gcc