Last updated on 2025-11-03 00:50:00 CET.
| Flavor | Version | Tinstall | Tcheck | Ttotal | Status | Flags | 
|---|---|---|---|---|---|---|
| r-devel-linux-x86_64-debian-clang | 0.1.3 | 4.77 | 66.13 | 70.90 | NOTE | |
| r-devel-linux-x86_64-debian-gcc | 0.1.3 | 4.22 | 47.44 | 51.66 | NOTE | |
| r-devel-linux-x86_64-fedora-clang | 0.1.3 | 21.00 | 89.96 | 110.96 | OK | |
| r-devel-linux-x86_64-fedora-gcc | 0.1.3 | 12.00 | 105.34 | 117.34 | OK | |
| r-devel-windows-x86_64 | 0.1.3 | 8.00 | 72.00 | 80.00 | OK | |
| r-patched-linux-x86_64 | 0.1.3 | 4.58 | 60.78 | 65.36 | OK | |
| r-release-linux-x86_64 | 0.1.3 | 4.77 | 60.84 | 65.61 | OK | |
| r-release-macos-arm64 | 0.1.3 | 3.00 | 52.00 | 55.00 | OK | |
| r-release-macos-x86_64 | 0.1.3 | 5.00 | 88.00 | 93.00 | OK | |
| r-release-windows-x86_64 | 0.1.3 | 8.00 | 71.00 | 79.00 | OK | |
| r-oldrel-macos-arm64 | 0.1.3 | 2.00 | 30.00 | 32.00 | NOTE | |
| r-oldrel-macos-x86_64 | 0.1.3 | 4.00 | 66.00 | 70.00 | NOTE | |
| r-oldrel-windows-x86_64 | 0.1.3 | 10.00 | 90.00 | 100.00 | NOTE | 
Version: 0.1.3
Check: CRAN incoming feasibility
Result: NOTE
  Maintainer: ‘Zoumpoulia Dikopoulou <dikopoulia@gmail.com>’
  
  No Authors@R field in DESCRIPTION.
  Please add one, modifying
    Authors@R: c(person(given = c("Zoumpoulia", "Dikopoulou"),
                        family = "<zoumpolia.dikopoulou@uhasselt.be>",
                        role = "aut",
                        email = "zoumpolia.dikopoulou@uhasselt.be"),
                 person(given = "Elpiniki",
                        family = "Papageorgiou",
                        role = "aut",
                        email = "epapageorgiou@teiste.gr"),
                 person(role = "aut",
                        email = "e.i.papageorgiou75@gmail.com"),
                 person(given = "Zoumpoulia",
                        family = "Dikopoulou",
                        role = "cre",
                        email = "dikopoulia@gmail.com"))
  as necessary.
Flavors: r-devel-linux-x86_64-debian-clang, r-devel-linux-x86_64-debian-gcc
Version: 0.1.3
Check: LazyData
Result: NOTE
    'LazyData' is specified without a 'data' directory
Flavors: r-oldrel-macos-arm64, r-oldrel-macos-x86_64, r-oldrel-windows-x86_64