CRAN Package Check Results for Package fMultivar

Last updated on 2025-11-24 00:48:42 CET.

Flavor Version Tinstall Tcheck Ttotal Status Flags
r-devel-linux-x86_64-debian-clang 4031.84 5.97 65.66 71.63 NOTE
r-devel-linux-x86_64-debian-gcc 4031.84 4.13 45.85 49.98 NOTE
r-devel-linux-x86_64-fedora-clang 4031.84 42.00 78.84 120.84 OK
r-devel-linux-x86_64-fedora-gcc 4031.84 39.00 73.87 112.87 OK
r-devel-windows-x86_64 4031.84 9.00 75.00 84.00 OK
r-patched-linux-x86_64 4031.84 6.18 62.99 69.17 OK
r-release-linux-x86_64 4031.84 5.48 63.24 68.72 OK
r-release-macos-arm64 4031.84 OK
r-release-macos-x86_64 4031.84 5.00 57.00 62.00 OK
r-release-windows-x86_64 4031.84 7.00 86.00 93.00 OK
r-oldrel-macos-arm64 4031.84 OK
r-oldrel-macos-x86_64 4031.84 4.00 50.00 54.00 OK
r-oldrel-windows-x86_64 4031.84 11.00 93.00 104.00 OK

Check Details

Version: 4031.84
Check: CRAN incoming feasibility
Result: NOTE Maintainer: ‘Stefan Theussl <Stefan.Theussl@R-Project.org>’ The Description field contains <arXiv:0911.2093> to manage, investigate and analyze bivariate and Please refer to arXiv e-prints via their arXiv DOI <doi:10.48550/arXiv.YYMM.NNNNN>. Flavors: r-devel-linux-x86_64-debian-clang, r-devel-linux-x86_64-debian-gcc