Last updated on 2025-11-03 00:49:59 CET.
| Flavor | Version | Tinstall | Tcheck | Ttotal | Status | Flags | 
|---|---|---|---|---|---|---|
| r-devel-linux-x86_64-debian-clang | 1.4.0 | 44.56 | 178.90 | 223.46 | OK | |
| r-devel-linux-x86_64-debian-gcc | 1.4.0 | 32.69 | 116.94 | 149.63 | OK | |
| r-devel-linux-x86_64-fedora-clang | 1.4.0 | 157.00 | 241.21 | 398.21 | OK | |
| r-devel-linux-x86_64-fedora-gcc | 1.4.0 | 116.00 | 267.55 | 383.55 | OK | |
| r-devel-windows-x86_64 | 1.4.0 | 71.00 | 164.00 | 235.00 | OK | |
| r-patched-linux-x86_64 | 1.4.0 | 45.38 | 164.53 | 209.91 | OK | |
| r-release-linux-x86_64 | 1.4.0 | 46.60 | 158.92 | 205.52 | OK | |
| r-release-macos-arm64 | 1.4.0 | 27.00 | 74.00 | 101.00 | OK | |
| r-release-macos-x86_64 | 1.4.0 | 34.00 | 91.00 | 125.00 | OK | |
| r-release-windows-x86_64 | 1.4.0 | 70.00 | 164.00 | 234.00 | OK | |
| r-oldrel-macos-arm64 | 1.4.0 | 22.00 | 56.00 | 78.00 | NOTE | |
| r-oldrel-macos-x86_64 | 1.4.0 | 31.00 | 93.00 | 124.00 | NOTE | |
| r-oldrel-windows-x86_64 | 1.4.0 | 90.00 | 222.00 | 312.00 | NOTE | 
Version: 1.4.0
Check: installed package size
Result: NOTE
    installed size is  9.2Mb
    sub-directories of 1Mb or more:
      Report   1.3Mb
      app      2.7Mb
      doc      1.2Mb
      libs     1.9Mb
Flavors: r-oldrel-macos-arm64, r-oldrel-macos-x86_64, r-oldrel-windows-x86_64