Last updated on 2025-11-03 00:49:59 CET.
| Flavor | Version | Tinstall | Tcheck | Ttotal | Status | Flags | 
|---|---|---|---|---|---|---|
| r-devel-linux-x86_64-debian-clang | 1.0.0 | 16.34 | 375.09 | 391.43 | NOTE | |
| r-devel-linux-x86_64-debian-gcc | 1.0.0 | 10.68 | 278.69 | 289.37 | NOTE | |
| r-devel-linux-x86_64-fedora-clang | 1.0.0 | 38.00 | 535.05 | 573.05 | NOTE | |
| r-devel-linux-x86_64-fedora-gcc | 1.0.0 | 71.00 | 544.85 | 615.85 | NOTE | |
| r-devel-windows-x86_64 | 1.0.0 | 18.00 | 272.00 | 290.00 | OK | |
| r-patched-linux-x86_64 | 1.0.0 | 15.53 | 372.66 | 388.19 | OK | |
| r-release-linux-x86_64 | 1.0.0 | 14.20 | 370.21 | 384.41 | OK | |
| r-release-macos-arm64 | 1.0.0 | 8.00 | 174.00 | 182.00 | OK | |
| r-release-macos-x86_64 | 1.0.0 | 13.00 | 375.00 | 388.00 | OK | |
| r-release-windows-x86_64 | 1.0.0 | 18.00 | 282.00 | 300.00 | OK | |
| r-oldrel-macos-arm64 | 1.0.0 | 6.00 | 149.00 | 155.00 | OK | |
| r-oldrel-macos-x86_64 | 1.0.0 | 10.00 | 226.00 | 236.00 | OK | |
| r-oldrel-windows-x86_64 | 1.0.0 | 24.00 | 365.00 | 389.00 | OK | 
Version: 1.0.0
Check: CRAN incoming feasibility
Result: NOTE
  Maintainer: ‘Michael Lingzhi Li <mili@hbs.edu>’
  
  The Description field contains
    <arXiv:1905.05389>.
  Please refer to arXiv e-prints via their arXiv DOI <doi:10.48550/arXiv.YYMM.NNNNN>.
Flavors: r-devel-linux-x86_64-debian-clang, r-devel-linux-x86_64-debian-gcc
Version: 1.0.0
Check: dependencies in R code
Result: NOTE
  Namespaces in Imports field not imported from:
    ‘forcats’ ‘rqPen’ ‘utils’
    All declared Imports should be used.
Flavors: r-devel-linux-x86_64-fedora-clang, r-devel-linux-x86_64-fedora-gcc