CRAN Package Check Results for Package epifitter

Last updated on 2025-06-27 01:49:30 CEST.

Flavor Version Tinstall Tcheck Ttotal Status Flags
r-devel-linux-x86_64-debian-clang 0.3.0 2.81 64.38 67.19 OK
r-devel-linux-x86_64-debian-gcc 0.3.0 2.09 47.07 49.16 OK
r-devel-linux-x86_64-fedora-clang 0.3.0 103.58 NOTE
r-devel-linux-x86_64-fedora-gcc 0.3.0 110.79 NOTE
r-devel-windows-x86_64 0.3.0 5.00 81.00 86.00 OK
r-patched-linux-x86_64 OK
r-release-linux-x86_64 0.3.0 2.98 58.52 61.50 OK
r-release-macos-arm64 0.3.0 36.00 OK
r-release-macos-x86_64 0.3.0 79.00 OK
r-release-windows-x86_64 0.3.0 4.00 83.00 87.00 OK
r-oldrel-macos-arm64 0.3.0 38.00 OK
r-oldrel-macos-x86_64 0.3.0 58.00 OK
r-oldrel-windows-x86_64 0.3.0 6.00 98.00 104.00 OK

Check Details

Version: 0.3.0
Check: dependencies in R code
Result: NOTE Namespace in Imports field not imported from: ‘knitr’ All declared Imports should be used. Flavors: r-devel-linux-x86_64-fedora-clang, r-devel-linux-x86_64-fedora-gcc