Last updated on 2025-05-12 01:49:10 CEST.
Flavor | Version | Tinstall | Tcheck | Ttotal | Status | Flags |
---|---|---|---|---|---|---|
r-devel-linux-x86_64-debian-clang | 2.1.1 | 21.75 | 190.90 | 212.65 | NOTE | |
r-devel-linux-x86_64-debian-gcc | 2.1.1 | 15.92 | 110.45 | 126.37 | NOTE | |
r-devel-linux-x86_64-fedora-clang | 2.1.1 | 275.20 | NOTE | |||
r-devel-linux-x86_64-fedora-gcc | 2.1.1 | 333.36 | NOTE | |||
r-devel-windows-x86_64 | 2.1.1 | 33.00 | 215.00 | 248.00 | NOTE | |
r-patched-linux-x86_64 | 2.1.1 | 23.95 | 170.62 | 194.57 | NOTE | |
r-release-linux-x86_64 | 2.1.1 | 20.86 | 161.62 | 182.48 | NOTE | |
r-release-macos-arm64 | 2.1.1 | 121.00 | NOTE | |||
r-release-macos-x86_64 | 2.1.1 | 409.00 | NOTE | |||
r-release-windows-x86_64 | 2.1.1 | 38.00 | 217.00 | 255.00 | NOTE | |
r-oldrel-macos-arm64 | 2.1.1 | 110.00 | NOTE | |||
r-oldrel-macos-x86_64 | 2.1.1 | 208.00 | NOTE | |||
r-oldrel-windows-x86_64 | 2.1.1 | 40.00 | 270.00 | 310.00 | NOTE |
Version: 2.1.1
Check: Rd files
Result: NOTE
checkRd: (-1) transformFitness.Rd:25: Lost braces; missing escapes or markup?
25 | minimization (most others). This function computes a factor from {-1, 1} for
| ^
Flavors: r-devel-linux-x86_64-debian-clang, r-devel-linux-x86_64-debian-gcc, r-devel-linux-x86_64-fedora-clang, r-devel-linux-x86_64-fedora-gcc, r-devel-windows-x86_64, r-patched-linux-x86_64, r-release-linux-x86_64, r-release-macos-arm64, r-release-macos-x86_64, r-release-windows-x86_64, r-oldrel-macos-arm64, r-oldrel-macos-x86_64, r-oldrel-windows-x86_64