Last updated on 2025-11-24 00:48:40 CET.
| Flavor | Version | Tinstall | Tcheck | Ttotal | Status | Flags |
|---|---|---|---|---|---|---|
| r-devel-linux-x86_64-debian-clang | 0.1.1 | 2.12 | 25.03 | 27.15 | NOTE | |
| r-devel-linux-x86_64-debian-gcc | 0.1.1 | 1.45 | 19.23 | 20.68 | NOTE | |
| r-devel-linux-x86_64-fedora-clang | 0.1.1 | 37.98 | OK | |||
| r-devel-linux-x86_64-fedora-gcc | 0.1.1 | 35.91 | OK | |||
| r-devel-windows-x86_64 | 0.1.1 | 5.00 | 40.00 | 45.00 | OK | |
| r-patched-linux-x86_64 | 0.1.1 | 2.20 | 22.73 | 24.93 | NOTE | |
| r-release-linux-x86_64 | 0.1.1 | 2.07 | 22.38 | 24.45 | NOTE | |
| r-release-macos-arm64 | 0.1.1 | OK | ||||
| r-release-macos-x86_64 | 0.1.1 | 2.00 | 29.00 | 31.00 | OK | |
| r-release-windows-x86_64 | 0.1.1 | 3.00 | 56.00 | 59.00 | OK | |
| r-oldrel-macos-arm64 | 0.1.1 | OK | ||||
| r-oldrel-macos-x86_64 | 0.1.1 | 2.00 | 22.00 | 24.00 | OK | |
| r-oldrel-windows-x86_64 | 0.1.1 | 3.00 | 45.00 | 48.00 | OK |
Version: 0.1.1
Check: CRAN incoming feasibility
Result: NOTE
Maintainer: ‘David J. H. Shih <djh.shih@gmail.com>’
No Authors@R field in DESCRIPTION.
Please add one, modifying
Authors@R: c(person(given = "Yanxun",
family = "Xu",
role = "aut"),
person(given = "Peter",
family = "Mueller",
role = "aut"),
person(given = "Donatello",
family = "Telesca",
role = "aut"),
person(given = c("David", "J.", "H."),
family = "Shih",
role = c("aut", "cre"),
email = "djh.shih@gmail.com"))
as necessary.
Flavors: r-devel-linux-x86_64-debian-clang, r-devel-linux-x86_64-debian-gcc
Version: 0.1.1
Check: for unstated dependencies in ‘demo’
Result: NOTE
'library' or 'require' call not declared from: ‘devtools’
Flavors: r-devel-linux-x86_64-debian-clang, r-devel-linux-x86_64-debian-gcc, r-patched-linux-x86_64, r-release-linux-x86_64