CRAN Package Check Results for Package diagram

Last updated on 2025-11-24 00:48:39 CET.

Flavor Version Tinstall Tcheck Ttotal Status Flags
r-devel-linux-x86_64-debian-clang 1.6.5 2.82 46.19 49.01 NOTE
r-devel-linux-x86_64-debian-gcc 1.6.5 2.19 34.26 36.45 NOTE
r-devel-linux-x86_64-fedora-clang 1.6.5 70.53 OK
r-devel-linux-x86_64-fedora-gcc 1.6.5 78.25 OK
r-devel-windows-x86_64 1.6.5 4.00 89.00 93.00 OK
r-patched-linux-x86_64 1.6.5 3.93 42.27 46.20 OK
r-release-linux-x86_64 1.6.5 2.78 41.83 44.61 OK
r-release-macos-arm64 1.6.5 OK
r-release-macos-x86_64 1.6.5 3.00 56.00 59.00 OK
r-release-windows-x86_64 1.6.5 6.00 88.00 94.00 OK
r-oldrel-macos-arm64 1.6.5 OK
r-oldrel-macos-x86_64 1.6.5 3.00 42.00 45.00 OK
r-oldrel-windows-x86_64 1.6.5 4.00 90.00 94.00 OK

Check Details

Version: 1.6.5
Check: CRAN incoming feasibility
Result: NOTE Maintainer: ‘Karline Soetaert <karline.soetaert@nioz.nl>’ No Authors@R field in DESCRIPTION. Please add one, modifying Authors@R: person(given = "Karline", family = "Soetaert", role = c("aut", "cre"), email = "karline.soetaert@nioz.nl") as necessary. Flavors: r-devel-linux-x86_64-debian-clang, r-devel-linux-x86_64-debian-gcc