Last updated on 2025-11-03 00:49:57 CET.
| Flavor | Version | Tinstall | Tcheck | Ttotal | Status | Flags | 
|---|---|---|---|---|---|---|
| r-devel-linux-x86_64-debian-clang | 3.0 | 8.23 | 52.20 | 60.43 | NOTE | |
| r-devel-linux-x86_64-debian-gcc | 3.0 | 6.40 | 35.04 | 41.44 | NOTE | |
| r-devel-linux-x86_64-fedora-clang | 3.0 | 19.00 | 75.47 | 94.47 | OK | |
| r-devel-linux-x86_64-fedora-gcc | 3.0 | 23.00 | 65.94 | 88.94 | OK | |
| r-devel-windows-x86_64 | 3.0 | 9.00 | 65.00 | 74.00 | OK | |
| r-patched-linux-x86_64 | 3.0 | 9.38 | 48.28 | 57.66 | OK | |
| r-release-linux-x86_64 | 3.0 | 9.06 | 48.95 | 58.01 | OK | |
| r-release-macos-arm64 | 3.0 | 4.00 | 22.00 | 26.00 | OK | |
| r-release-macos-x86_64 | 3.0 | 8.00 | 40.00 | 48.00 | OK | |
| r-release-windows-x86_64 | 3.0 | 8.00 | 65.00 | 73.00 | OK | |
| r-oldrel-macos-arm64 | 3.0 | 4.00 | 21.00 | 25.00 | OK | |
| r-oldrel-macos-x86_64 | 3.0 | 6.00 | 33.00 | 39.00 | OK | |
| r-oldrel-windows-x86_64 | 3.0 | 13.00 | 75.00 | 88.00 | OK | 
Version: 3.0
Check: CRAN incoming feasibility
Result: NOTE
  Maintainer: ‘Takeshi Emura <takeshiemura@gmail.com>’
  
  No Authors@R field in DESCRIPTION.
  Please add one, modifying
    Authors@R: person(given = "Takeshi",
                      family = "Emura",
                      role = c("aut", "cre"),
                      email = "takeshiemura@gmail.com")
  as necessary.
Flavors: r-devel-linux-x86_64-debian-clang, r-devel-linux-x86_64-debian-gcc