Last updated on 2025-11-03 00:49:57 CET.
| Flavor | Version | Tinstall | Tcheck | Ttotal | Status | Flags | 
|---|---|---|---|---|---|---|
| r-devel-linux-x86_64-debian-clang | 1.0-2.2 | 161.30 | 145.69 | 306.99 | NOTE | |
| r-devel-linux-x86_64-debian-gcc | 1.0-2.2 | 133.38 | 118.00 | 251.38 | NOTE | |
| r-devel-linux-x86_64-fedora-clang | 1.0-2.2 | 354.00 | 142.92 | 496.92 | OK | |
| r-devel-linux-x86_64-fedora-gcc | 1.0-2.2 | 424.00 | 139.16 | 563.16 | OK | |
| r-devel-windows-x86_64 | 1.0-2.2 | 191.00 | 169.00 | 360.00 | OK | |
| r-patched-linux-x86_64 | 1.0-2.2 | 177.65 | 150.11 | 327.76 | OK | |
| r-release-linux-x86_64 | 1.0-2.2 | 178.10 | 150.93 | 329.03 | OK | |
| r-release-macos-arm64 | 1.0-2.2 | 62.00 | 61.00 | 123.00 | OK | |
| r-release-macos-x86_64 | 1.0-2.2 | 113.00 | 112.00 | 225.00 | OK | |
| r-release-windows-x86_64 | 1.0-2.2 | 186.00 | 166.00 | 352.00 | OK | |
| r-oldrel-macos-arm64 | 1.0-2.2 | 32.00 | 45.00 | 77.00 | NOTE | |
| r-oldrel-macos-x86_64 | 1.0-2.2 | 55.00 | 66.00 | 121.00 | NOTE | |
| r-oldrel-windows-x86_64 | 1.0-2.2 | 218.00 | 212.00 | 430.00 | NOTE | 
Version: 1.0-2.2
Check: CRAN incoming feasibility
Result: NOTE
  Maintainer: ‘Matt P. Wand <matt.wand@uts.edu.au>’
  
  The Description field contains
    methodology is described in Wand and Yu (2020) <arXiv:2009.06182>.
  Please refer to arXiv e-prints via their arXiv DOI <doi:10.48550/arXiv.YYMM.NNNNN>.
Flavors: r-devel-linux-x86_64-debian-clang, r-devel-linux-x86_64-debian-gcc
Version: 1.0-2.2
Check: installed package size
Result: NOTE
    installed size is 44.6Mb
    sub-directories of 1Mb or more:
      doc    1.9Mb
      libs  42.4Mb
Flavors: r-oldrel-macos-arm64, r-oldrel-macos-x86_64
Version: 1.0-2.2
Check: for GNU extensions in Makefiles
Result: NOTE
  GNU make is a SystemRequirements.
Flavors: r-oldrel-macos-arm64, r-oldrel-macos-x86_64, r-oldrel-windows-x86_64