Last updated on 2025-11-24 00:48:39 CET.
| Flavor | Version | Tinstall | Tcheck | Ttotal | Status | Flags |
|---|---|---|---|---|---|---|
| r-devel-linux-x86_64-debian-clang | 1.15.2 | 6.14 | 184.93 | 191.07 | NOTE | |
| r-devel-linux-x86_64-debian-gcc | 1.15.2 | 3.48 | 131.82 | 135.30 | NOTE | |
| r-devel-linux-x86_64-fedora-clang | 1.15.2 | 18.00 | 272.16 | 290.16 | NOTE | |
| r-devel-linux-x86_64-fedora-gcc | 1.15.2 | 12.00 | 276.33 | 288.33 | NOTE | |
| r-devel-windows-x86_64 | 1.15.2 | 24.00 | 278.00 | 302.00 | NOTE | |
| r-patched-linux-x86_64 | 1.15.2 | 7.20 | 172.21 | 179.41 | NOTE | |
| r-release-linux-x86_64 | 1.15.2 | 4.40 | 173.72 | 178.12 | NOTE | |
| r-release-macos-arm64 | 1.15.2 | NOTE | ||||
| r-release-macos-x86_64 | 1.15.2 | 5.00 | 187.00 | 192.00 | NOTE | |
| r-release-windows-x86_64 | 1.15.2 | 10.00 | 261.00 | 271.00 | NOTE | |
| r-oldrel-macos-arm64 | 1.15.2 | NOTE | ||||
| r-oldrel-macos-x86_64 | 1.15.2 | 6.00 | 201.00 | 207.00 | NOTE | |
| r-oldrel-windows-x86_64 | 1.15.2 | 12.00 | 322.00 | 334.00 | NOTE |
Version: 1.15.2
Check: Rd files
Result: NOTE
checkRd: (-1) plot.ddpcr_plate.Rd:136-137: Lost braces in \itemize; meant \describe ?
checkRd: (-1) plot.ddpcr_plate.Rd:138-139: Lost braces in \itemize; meant \describe ?
checkRd: (-1) plot.ddpcr_plate.Rd:140-141: Lost braces in \itemize; meant \describe ?
Flavors: r-devel-linux-x86_64-debian-clang, r-devel-linux-x86_64-debian-gcc, r-devel-linux-x86_64-fedora-clang, r-devel-linux-x86_64-fedora-gcc, r-devel-windows-x86_64, r-patched-linux-x86_64, r-release-linux-x86_64, r-release-macos-arm64, r-release-macos-x86_64, r-release-windows-x86_64, r-oldrel-macos-arm64, r-oldrel-macos-x86_64, r-oldrel-windows-x86_64
Version: 1.15.2
Check: dependencies in R code
Result: NOTE
Namespace in Imports field not imported from: ‘shinydisconnect’
All declared Imports should be used.
Flavors: r-devel-linux-x86_64-fedora-clang, r-devel-linux-x86_64-fedora-gcc