Last updated on 2025-11-03 00:49:57 CET.
| Flavor | Version | Tinstall | Tcheck | Ttotal | Status | Flags | 
|---|---|---|---|---|---|---|
| r-devel-linux-x86_64-debian-clang | 1.0.2.1000 | 13.66 | 356.61 | 370.27 | NOTE | |
| r-devel-linux-x86_64-debian-gcc | 1.0.2.1000 | 10.89 | 225.25 | 236.14 | NOTE | |
| r-devel-linux-x86_64-fedora-clang | 1.0.2.1000 | 38.00 | 535.25 | 573.25 | OK | |
| r-devel-linux-x86_64-fedora-gcc | 1.0.2.1000 | 31.00 | 528.12 | 559.12 | OK | |
| r-devel-windows-x86_64 | 1.0.2.1000 | 16.00 | 288.00 | 304.00 | OK | |
| r-patched-linux-x86_64 | 1.0.2.1000 | 15.70 | 329.22 | 344.92 | OK | |
| r-release-linux-x86_64 | 1.0.2.1000 | 12.70 | 330.92 | 343.62 | OK | |
| r-release-macos-arm64 | 1.0.2.1000 | 6.00 | 138.00 | 144.00 | OK | |
| r-release-macos-x86_64 | 1.0.2.1000 | 14.00 | 282.00 | 296.00 | OK | |
| r-release-windows-x86_64 | 1.0.2.1000 | 16.00 | 284.00 | 300.00 | OK | |
| r-oldrel-macos-arm64 | 1.0.2.1000 | 5.00 | 131.00 | 136.00 | OK | |
| r-oldrel-macos-x86_64 | 1.0.2.1000 | 10.00 | 221.00 | 231.00 | OK | |
| r-oldrel-windows-x86_64 | 1.0.2.1000 | 23.00 | 393.00 | 416.00 | OK | 
Version: 1.0.2.1000
Check: CRAN incoming feasibility
Result: NOTE
  Maintainer: ‘David Garibay <dgari039@uottawa.ca>’
  
  Found the following \keyword or \concept entries
  which likely give several index terms:
    File ‘beta_params.Rd’:
      \keyword{distribution;}
    File ‘calc_evpi.Rd’:
      \keyword{information;}
    File ‘dirichlet_params.Rd’:
      \keyword{distribution;}
    File ‘gamma_params.Rd’:
      \keyword{distribution;}
    File ‘lnorm_params.Rd’:
      \keyword{distribution;}
Flavors: r-devel-linux-x86_64-debian-clang, r-devel-linux-x86_64-debian-gcc